{"id":2356,"date":"2020-10-24T17:26:54","date_gmt":"2020-10-24T15:26:54","guid":{"rendered":"https:\/\/overboyaohushua.com\/?page_id=2356"},"modified":"2020-10-24T18:25:33","modified_gmt":"2020-10-24T16:25:33","slug":"covid","status":"publish","type":"page","link":"https:\/\/overboyaohushua.com\/index.php\/covid\/","title":{"rendered":"Covid-19 &#8211; Vacinas"},"content":{"rendered":"\r\n<div class=\"wp-block-image\">\r\n<figure class=\"aligncenter\"><img decoding=\"async\" src=\"http:\/\/wp.cyocaminho.org\/wp-content\/uploads\/2019\/02\/CYCLog-1024x83.png\" alt=\"\" class=\"wp-image-25\" \/>\r\n<figcaption><a href=\"https:\/\/www.cyocaminho.org\">www.cyocaminho.org<\/a><\/figcaption>\r\n<\/figure>\r\n<\/div>\r\n\r\n<p style=\"text-align: center;\"><span style=\"font-size: 20px;\"><strong>Tipos de Vacinas em estudo contra COVID-19<\/strong><\/span><\/p>\r\n<p><span style=\"font-size: 16px; font-family: 'comic sans ms', sans-serif;\"><strong>EDITORIAL CYC:<\/strong> S\u00f3 existem duas formas de se imunizar contra o COVID-19 (e todos os outro tipos de v\u00edrus que existem e que existir\u00e3o): A <strong>primeira<\/strong> \u00e9 tomar contato com o V\u00edrus (desenvolvendo ou n\u00e3o a doen\u00e7a) e assim, criando naturalmente os anticorpos necess\u00e1rios&#8230; Se o contato for &#8216;forte&#8217;, a imuniza\u00e7\u00e3o ser\u00e1 eficiente e assim deste tipo de v\u00edrus, voc\u00ea n\u00e3o se contamina mais; exceto das suas poss\u00edveis muta\u00e7\u00f5es, a exemplo dos v\u00edrus da &#8216;dengue&#8217; tipo I, II ou III. Se o cont\u00e1gio for &#8216;fraco&#8217;, o seu corpo pode n\u00e3o ter conseguido criar anticorpos suficientes e assim a contamina\u00e7\u00e3o pode ocorrer novamente (o mais prov\u00e1vel \u00e9 a primeira op\u00e7\u00e3o)! A segunda \u00e9 <strong>ser imunizado por uma vacina<\/strong>; coisa que ainda n\u00e3o existe (o mais prov\u00e1vel que elas estejam dispon\u00edveis a partir do2\u00ba semestre de 2.021). Mas&#8230;<\/span><\/p>\r\n<blockquote>\r\n<p><span style=\"font-size: 16px;\">Para entender melhor os avan\u00e7os no combate ao novo coronav\u00edrus, preparamos este resumo que cont\u00e9m informa\u00e7\u00f5es sobre as Vacinas contra COVID-19 que est\u00e3o sendo estudadas. A corrida na produ\u00e7\u00e3o de uma vacina eficaz contra o SARS-CoV-2 tem sido intensa. Os pesquisadores est\u00e3o utilizando v\u00e1rias tecnologias, algumas delas nunca usadas em vacinas anteriormente.<\/span><\/p>\r\n<\/blockquote>\r\n<p><span style=\"font-size: 16px;\"><strong>\u00a0<\/strong><\/span><\/p>\r\n<p><span style=\"font-size: 20px;\"><strong>Os v\u00e1rios tipos de vacinas contra a COVID-19<\/strong><\/span><\/p>\r\n<p><span style=\"font-size: 16px;\">Todas as vacinas t\u00eam o objetivo de expor o indiv\u00edduo a um ant\u00edgeno. Embora o ant\u00edgeno exposto n\u00e3o \u00e9 capaz de causar doen\u00e7a, provoca resposta imune que pode bloquear ou matar o v\u00edrus quando o ind\u00edviduo \u00e9 exposto ao mesmo.<\/span><\/p>\r\n<p><span style=\"font-size: 16px;\">Existem pelo menos 8 tipos diferentes de vacinas sendo testadas. O tipo de vacina depende do tipo de v\u00edrus ou da parte viral sendo utilizada:<\/span><\/p>\r\n<ol>\r\n<li><strong><span style=\"font-size: 16px;\">Vacina de v\u00edrus<\/span><\/strong>\r\n<ul>\r\n<li><span style=\"font-size: 16px;\">Inativado [CoronaVac\/China]<\/span><\/li>\r\n<li><span style=\"font-size: 16px;\">Enfraquecido [Sinovac Biotech\/China]<\/span><\/li>\r\n<\/ul>\r\n<\/li>\r\n<li><strong><span style=\"font-size: 16px;\">Vacina de Vetor Viral<\/span><\/strong>\r\n<ul>\r\n<li><span style=\"font-size: 16px;\">Replicante [Sputnik V\/URS]<\/span><\/li>\r\n<li><span style=\"font-size: 16px;\">N\u00e3o replicante [Oxford\/UK]<\/span><\/li>\r\n<\/ul>\r\n<\/li>\r\n<li><strong><span style=\"font-size: 16px;\">Vacina de \u00c1cido Nucleico<\/span><\/strong>\r\n<ul>\r\n<li><span style=\"font-size: 16px;\">DNA recombinante [INO-4800\/EUA]<\/span><\/li>\r\n<li><span style=\"font-size: 16px;\">RNA mensageiro [Moderna; BionTech da Pfizer\/EUA]<\/span><\/li>\r\n<\/ul>\r\n<\/li>\r\n<li><strong><span style=\"font-size: 16px;\">Vacina \u00e0 base de prote\u00ednas<\/span><\/strong>\r\n<ul>\r\n<li><span style=\"font-size: 16px;\">Subunidade proteica [Novavax\/AU e Takeda\/JA]<\/span><\/li>\r\n<li><span style=\"font-size: 16px;\">Part\u00edculas semelhantes ao v\u00edrus<\/span><\/li>\r\n<\/ul>\r\n<\/li>\r\n<\/ol>\r\n<ol>\r\n<li style=\"list-style-type: none;\">\r\n<ul><\/ul>\r\n<\/li>\r\n<\/ol>\r\n<p style=\"text-align: center;\"><img loading=\"lazy\" decoding=\"async\" src=\"https:\/\/overboyaohushua.com\/wp-content\/uploads\/2020\/10\/Vac1.png\" alt=\"\" width=\"518\" height=\"246\" class=\"alignnone wp-image-2359 size-full\" srcset=\"https:\/\/overboyaohushua.com\/wp-content\/uploads\/2020\/10\/Vac1.png 518w, https:\/\/overboyaohushua.com\/wp-content\/uploads\/2020\/10\/Vac1-300x142.png 300w\" sizes=\"auto, (max-width: 518px) 100vw, 518px\" \/><\/p>\r\n<p style=\"text-align: center;\"><span style=\"font-size: 16px;\"><strong><span style=\"font-size: 14px;\">Figura 1: N\u00famero de vacinas em desenvolvimento de acordo com o tipo de Vacina.<\/span><\/strong><\/span><br \/><span style=\"font-size: 14px;\">Fonte: The race for coronavirus vaccines: a graphical guide \u2013 Nature<\/span><\/p>\r\n<p>&nbsp;<\/p>\r\n<p><span style=\"font-size: 20px;\"><strong>Vacina de V\u00edrus<\/strong><\/span><\/p>\r\n<p><span style=\"font-size: 16px;\">Este tipo de vacina pode utilizar o v\u00edrus enfraquecido ou inativado. Nesse sentido, numa vacina de v\u00edrus enfraquecido, o v\u00edrus passa por processos at\u00e9 que adquira muta\u00e7\u00f5es que o fa\u00e7am menos capaz de causar doen\u00e7a.<\/span><\/p>\r\n<p><span style=\"font-size: 16px;\">Por outro lado, nas vacinas de v\u00edrus inativados, o v\u00edrus \u00e9 modificado com part\u00edculas qu\u00edmicas ou calor, de tal forma que se torna incapaz de causar infec\u00e7\u00e3o.<\/span><\/p>\r\n<p><span style=\"font-size: 16px;\">Pelo menos 7 grupos est\u00e3o desenvolvendo vacinas que usam o pr\u00f3prio v\u00edrus. Estas podem utilizar o v\u00edrus enfraquecido ou inativado. Este \u00e9 um tipo de vacina j\u00e1 existente.<\/span><\/p>\r\n<p><span style=\"font-size: 16px;\">Por exemplo, as vacinas contra o sarampo e a poliomielite usam o pr\u00f3prio v\u00edrus na sua composi\u00e7\u00e3o. Contudo, vacinas que utilizam v\u00edrus requerem testes de seguran\u00e7a extensivos.<\/span><\/p>\r\n<p><span style=\"font-size: 16px;\">Em Pequim, a Sinovac Biotech est\u00e1 testando em humanos uma vacina com o SARS-CoV-2 inativado.<\/span><\/p>\r\n<p>&nbsp;<\/p>\r\n<p><span style=\"font-size: 20px;\"><strong>Vacina de Vetores Virais<\/strong><\/span><\/p>\r\n<p><span style=\"font-size: 16px;\">Nas vacinas que utilizam vetores virais, um v\u00edrus como sarampo ou adenov\u00edrus \u00e9 geneticamente modificado para produzir prote\u00ednas do coronav\u00edrus.\u00a0<\/span><\/p>\r\n<p><span style=\"font-size: 16px;\">Esses v\u00edrus est\u00e3o enfraquecidos e n\u00e3o podem causar doen\u00e7as.\u00a0Existem dois tipos: aqueles que ainda podem se replicar dentro das c\u00e9lulas e aqueles que n\u00e3o podem porque os genes principais foram desativados.<\/span><\/p>\r\n<p><span style=\"font-size: 16px;\">Com a finalidade de desenvolver este tipo de vacina, aproximadamente 25 grupos est\u00e3o trabalhando com vacinas do tipo vetor viral.<\/span><\/p>\r\n<p>&nbsp;<\/p>\r\n<p style=\"text-align: center;\"><span style=\"font-size: 16px;\"><strong>\u00a0\u00a0\u00a0\u00a0\u00a0\u00a0\u00a0\u00a0\u00a0\u00a0\u00a0\u00a0\u00a0\u00a0<img loading=\"lazy\" decoding=\"async\" src=\"https:\/\/overboyaohushua.com\/wp-content\/uploads\/2020\/10\/Vac2.png\" alt=\"\" width=\"480\" height=\"272\" class=\"alignnone wp-image-2360 size-full\" srcset=\"https:\/\/overboyaohushua.com\/wp-content\/uploads\/2020\/10\/Vac2.png 480w, https:\/\/overboyaohushua.com\/wp-content\/uploads\/2020\/10\/Vac2-300x170.png 300w\" sizes=\"auto, (max-width: 480px) 100vw, 480px\" \/> <\/strong><\/span><\/p>\r\n<p style=\"text-align: center;\"><span style=\"font-size: 14px;\"><strong>Figura 2: Vacina de vetores virais replicantes (\u00e0 esquerda) e n\u00e3o replicantes (\u00e0 direita).<br \/><\/strong>Fonte: The race for coronavirus vaccines: a graphical guide \u2013 Nature<\/span><\/p>\r\n<p><span style=\"font-size: 16px;\"><strong>\u00a0<\/strong><\/span><\/p>\r\n<p><span style=\"font-size: 20px;\"><strong>Vacinas de \u00c1cido Nucleico [RNA mensageiro]<\/strong><\/span><\/p>\r\n<p><span style=\"font-size: 16px;\">Neste tipo de vacina, o \u00e1cido nucleico \u00e9 inserido nas c\u00e9lulas humanas, que produzem c\u00f3pias de alguma prote\u00edna do v\u00edrus. Em suma, a maioria dessas vacinas codifica a prote\u00edna\u00a0<em>spike<\/em>\u00a0do v\u00edrus.<\/span><\/p>\r\n<p><span style=\"font-size: 16px;\">Pelo menos 20 equipes est\u00e3o trabalhando no desenvolvimento de vacinas que utilizam informa\u00e7\u00e3o gen\u00e9tica de DNA ou RNA viral.<\/span><\/p>\r\n<p><span style=\"font-size: 16px;\">S\u00e3o vacinas f\u00e1ceis de desenvolver, pois envolvem apenas o material gen\u00e9tico, e n\u00e3o o v\u00edrus. Por\u00e9m, esta \u00e9 uma tecnologia que nunca foi usada em alguma vacina atualmente licenciada, ent\u00e3o ainda n\u00e3o possui efic\u00e1cia comprovada.<\/span><\/p>\r\n<p>&nbsp;<\/p>\r\n<p style=\"text-align: center;\"><span style=\"font-size: 16px;\"><strong>\u00a0\u00a0\u00a0\u00a0\u00a0\u00a0\u00a0\u00a0\u00a0\u00a0\u00a0\u00a0\u00a0\u00a0\u00a0\u00a0\u00a0\u00a0<img loading=\"lazy\" decoding=\"async\" src=\"https:\/\/overboyaohushua.com\/wp-content\/uploads\/2020\/10\/Vac3.png\" alt=\"\" width=\"497\" height=\"436\" class=\"alignnone wp-image-2362 size-full\" srcset=\"https:\/\/overboyaohushua.com\/wp-content\/uploads\/2020\/10\/Vac3.png 497w, https:\/\/overboyaohushua.com\/wp-content\/uploads\/2020\/10\/Vac3-300x263.png 300w\" sizes=\"auto, (max-width: 497px) 100vw, 497px\" \/> <\/strong><\/span><\/p>\r\n<p style=\"text-align: center;\"><span style=\"font-size: 16px;\"><strong><span style=\"font-size: 14px;\">Figura 3: Vacina de \u00e1cido nucleico DNAcombinante e RNAmensageiro.<\/span><br \/><\/strong><span style=\"font-size: 14px;\">Fonte: The race for coronavirus vaccines: a graphical guide \u2013 Nature<\/span><\/span><\/p>\r\n<p><span style=\"font-size: 16px;\"><strong>\u00a0<\/strong><\/span><\/p>\r\n<p><span style=\"font-size: 20px;\"><strong>Vacinas \u00e0 base de prote\u00edna<\/strong><\/span><\/p>\r\n<p><span style=\"font-size: 16px;\">Neste tipo de vacina, prote\u00ednas do coronav\u00edrus s\u00e3o injetadas diretamente no corpo. Da mesma forma, fragmentos ou inv\u00f3lucros de prote\u00ednas que imitam a estrutura do v\u00edrus tamb\u00e9m podem ser usados.<\/span><\/p>\r\n<p><span style=\"font-size: 16px;\">Pelo menos 28 equipes est\u00e3o trabalhando usando vacinas que utilizam subunidades proteicas.<\/span><\/p>\r\n<p><span style=\"font-size: 16px;\">A maioria delas foca na prote\u00edna\u00a0<em>spike,\u00a0<\/em>j\u00e1 que esta desenvolve papel chave no processo de entrada v\u00edrus na c\u00e9lula, por meio da liga\u00e7\u00e3o com o receptor\u00a0ACE2.<\/span><\/p>\r\n<p><span style=\"font-size: 16px;\">Esse tipo de vacina requer adjuvantes para estimular o sistema imune, bem como m\u00faltiplas doses.<\/span><\/p>\r\n<p>&nbsp;<\/p>\r\n<p style=\"text-align: center;\"><img loading=\"lazy\" decoding=\"async\" src=\"https:\/\/overboyaohushua.com\/wp-content\/uploads\/2020\/10\/Vac4.png\" alt=\"\" width=\"453\" height=\"244\" class=\"alignnone wp-image-2361 size-full\" srcset=\"https:\/\/overboyaohushua.com\/wp-content\/uploads\/2020\/10\/Vac4.png 453w, https:\/\/overboyaohushua.com\/wp-content\/uploads\/2020\/10\/Vac4-300x162.png 300w\" sizes=\"auto, (max-width: 453px) 100vw, 453px\" \/><\/p>\r\n<p style=\"text-align: center;\"><span style=\"font-size: 14px;\"><strong>Figura 4: Vacina \u00e0 base de prote\u00edna utilizando subunidade da prote\u00edna\u00a0<em>spike.<\/em><br \/><\/strong>Fonte: The race for coronavirus vaccines: a graphical guide \u2013 Nature<\/span><\/p>\r\n<p>&nbsp;<\/p>\r\n<p><span style=\"font-size: 16px;\">Outra forma consiste em utilizar part\u00edculas semelhantes a v\u00edrus, que consistem em uma \u201ccasca\u201d contendo a estrutura externa viral, por\u00e9m sem o conte\u00fado interior.<\/span><\/p>\r\n<p><span style=\"font-size: 16px;\">Estas part\u00edculas n\u00e3o s\u00e3o capazes de causar infec\u00e7\u00e3o pois n\u00e3o possuem material gen\u00e9tico do v\u00edrus. Tem capacidade de gerar resposta imune forte, mas s\u00e3o dif\u00edceis de serem produzidas.<\/span><\/p>\r\n<p><span style=\"font-size: 16px;\">Cinco equipes est\u00e3o trabalhando no desenvolvimento deste tipo de vacina.<\/span><\/p>\r\n<p>&nbsp;<\/p>\r\n<p style=\"text-align: center;\"><img loading=\"lazy\" decoding=\"async\" src=\"https:\/\/overboyaohushua.com\/wp-content\/uploads\/2020\/10\/Vac5.png\" alt=\"\" width=\"532\" height=\"299\" class=\"alignnone wp-image-2363 size-full\" srcset=\"https:\/\/overboyaohushua.com\/wp-content\/uploads\/2020\/10\/Vac5.png 532w, https:\/\/overboyaohushua.com\/wp-content\/uploads\/2020\/10\/Vac5-300x169.png 300w\" sizes=\"auto, (max-width: 532px) 100vw, 532px\" \/><\/p>\r\n<p style=\"text-align: center;\"><span style=\"font-size: 14px;\"><strong>Figura 5: Vacina de part\u00edcula semelhante a v\u00edrus.<br \/><\/strong>Fonte: The race for coronavirus vaccines: a graphical guide \u2013 Nature<\/span><\/p>\r\n<p><span style=\"font-size: 16px;\"><strong>\u00a0<\/strong><\/span><\/p>\r\n<p style=\"text-align: center;\"><span style=\"font-size: 20px;\"><strong>A corrida por Vacinas contra COVID-19<\/strong><\/span><\/p>\r\n<p><span style=\"font-size: 16px;\">Vimos acima que diversos grupos est\u00e3o engajados em produzir diferentes tipos de vacinas contra COVID-19. O trabalho conjunto de diversos pa\u00edses, institui\u00e7\u00f5es e empresas que desejam chegar a solu\u00e7\u00e3o definitiva contra a pandemia que enfrentamos.<\/span><\/p>\r\n<p><span style=\"font-size: 16px;\">Os esfor\u00e7os de pesquisa das vacinas est\u00e3o sendo liderados na sua maioria (70%) por empresas industriais ou privadas. A produ\u00e7\u00e3o de uma vacina pode levar anos.<\/span><\/p>\r\n<p><span style=\"font-size: 16px;\">Por\u00e9m devido a situa\u00e7\u00e3o emergencial atual, os pesquisadores est\u00e3o acelerando as etapas e pretendem ter uma vacina pronta em 18 meses [no m\u00ednimo, 2\u00ba semestre\u00a0 de 2021].<\/span><\/p>\r\n<blockquote>\r\n<p><strong>QUEM TOMAR:<\/strong> Ap\u00f3s ser testados, aqueles que n\u00e3o estiveram em contato com o COVID -19, isto \u00e9, os que ainda n\u00e3o desenvolveram os anticorpos deste v\u00edrus.<\/p>\r\n<\/blockquote>\r\n<p>Oremos!<\/p>\r\n<p>&nbsp;<\/p>\r\n<p style=\"text-align: center;\"><b><span style=\"color: #808080; font-family: Verdana;\"> <a href=\"http:\/\/overboyaohushua.com\/index.php\/principal-6\/\"><span style=\"color: #808080;\"> <marquee>Seja um Rosh (l\u00edder Congregacional); fa\u00e7a o CTA: Curso de Teologia Aplicada &#8211; CLIC!<\/marquee><\/span><\/a><\/span><\/b><\/p>\r\n\r\n<p><strong><span style=\"font-size: 16px;\"><a href=\"https:\/\/overboyaohushua.com\/wp-content\/uploads\/2020\/10\/Tipos-de-Vacinas-em-estudo-contra-COVID.pdf\"><img loading=\"lazy\" decoding=\"async\" src=\"https:\/\/overboyaohushua.com\/wp-content\/uploads\/2020\/03\/PDF-Download-150x150.jpg\" alt=\"\" width=\"65\" height=\"65\" class=\"alignleft wp-image-1972 \" srcset=\"https:\/\/overboyaohushua.com\/wp-content\/uploads\/2020\/03\/PDF-Download-150x150.jpg 150w, https:\/\/overboyaohushua.com\/wp-content\/uploads\/2020\/03\/PDF-Download-300x300.jpg 300w, https:\/\/overboyaohushua.com\/wp-content\/uploads\/2020\/03\/PDF-Download-100x100.jpg 100w, https:\/\/overboyaohushua.com\/wp-content\/uploads\/2020\/03\/PDF-Download.jpg 346w\" sizes=\"auto, (max-width: 65px) 100vw, 65px\" \/><\/a>SE DESEJAR, CLIC NESTA IMAGEM PARA BAIXAR ESTE ESTUDO EM SEU CELULAR&#8230;<\/span><\/strong><\/p>\r\n<p><strong>D\u00favidas:<\/strong><\/p>\r\n\r\n\r\n\t\t\t<link rel=\"stylesheet\" property=\"stylesheet\" href=\"https:\/\/overboyaohushua.com\/wp-content\/plugins\/happyforms\/bundles\/css\/frontend.css\" \/>\n\t\t\t\t<!-- HappyForms CSS variables -->\n\t<style>\n\t#happyforms-54 {\n\t\t--happyforms-part-title-font-size: 16px;\n--happyforms-part-description-font-size: 14px;\n--happyforms-part-value-font-size: 16px;\n--happyforms-submit-button-font-size: 18px;\n--happyforms-color-primary: #000000;\n--happyforms-color-success-notice: #ebf9f0;\n--happyforms-color-success-notice-text: #1eb452;\n--happyforms-color-error: #ff7550;\n--happyforms-color-error-notice: #ffeeea;\n--happyforms-color-error-notice-text: #f23000;\n--happyforms-color-part-title: #000000;\n--happyforms-color-part-value: #000000;\n--happyforms-color-part-placeholder: #888888;\n--happyforms-color-part-description: #454545;\n--happyforms-color-part-border: #dbdbdb;\n--happyforms-color-part-border-focus: #407fff;\n--happyforms-color-part-background: #ffffff;\n--happyforms-color-part-background-focus: #ffffff;\n--happyforms-color-submit-background: #407fff;\n--happyforms-color-submit-background-hover: #3567cc;\n--happyforms-color-submit-border: transparent;\n--happyforms-color-submit-text: #ffffff;\n--happyforms-color-submit-text-hover: #ffffff;\n--happyforms-color-table-row-odd: #fcfcfc;\n--happyforms-color-table-row-even: #efefef;\n--happyforms-color-table-row-odd-text: #000000;\n--happyforms-color-table-row-even-text: #000000;\n--happyforms-color-dropdown-item-bg: #ffffff;\n--happyforms-color-dropdown-item-text: #000000;\n--happyforms-color-dropdown-item-bg-hover: #dbdbdb;\n--happyforms-color-dropdown-item-text-hover: #000000;\n--happyforms-color-divider-hr: #cccccc;\n--happyforms-color-choice-checkmark-bg: #ffffff;\n--happyforms-color-choice-checkmark-bg-focus: #000000;\n--happyforms-color-choice-checkmark-color: #ffffff;\n\t}\n\t<\/style>\n\t<!-- End of HappyForms CSS variables -->\n\t\t<!-- HappyForms Additional CSS -->\n\t<style data-happyforms-additional-css>\n\t\t<\/style>\n\t<!-- End of HappyForms Additional CSS -->\n\t\t\t<link rel=\"stylesheet\" type=\"text\/css\" href=\"https:\/\/overboyaohushua.com\/wp-content\/plugins\/happyforms\/core\/assets\/css\/no-interaction.css\">\n\t\t<div class=\"happyforms-form happyforms-styles\" id=\"happyforms-54\">\n\t\t\n\t<form action=\"\" id=\"happyforms-form-54\" method=\"post\" novalidate=\"true\" autocomplete=\"off\">\n\t\t\t\t<input type=\"hidden\" name=\"happyforms_random_seed\" value=\"274234541\" \/>\n\t\t\n\t\t\t<input type=\"hidden\" name=\"action\" value=\"happyforms_message\">\n\t\t\t\t<input type=\"hidden\" name=\"client_referer\" value=\"\">\n\t\t\t\t<input type=\"hidden\" name=\"current_post_id\" value=\"\">\n\t\t\t\t<input type=\"hidden\" name=\"happyforms_form_id\" value=\"54\" \/>\n\t\t\t\t<input type=\"hidden\" name=\"happyforms_step\" value=\"0\" \/>\n\t\n\t\t<div class=\"happyforms-flex\">\n\t\t\t\t<input type=\"text\" name=\"54-single_line_text\" style=\"position:absolute;left:-5000px;\" tabindex=\"-1\" autocomplete=\"off\" aria-hidden=\"true\"> <span class=\"screen-reader-text\">Leave this field blank<\/span>\n\t\t\t\t\t\t\t\t\t\t<div class=\"happyforms-form__part happyforms-part happyforms-part--single_line_text happyforms-part--width-full happyforms-part--label-above\" id=\"happyforms-54_single_line_text_1-part\" data-happyforms-type=\"single_line_text\" data-happyforms-id=\"single_line_text_1\" data-happyforms-required=\"\">\n\t<div class=\"happyforms-part-wrap\">\n\t\t\n\t\t\t\t\t\t<div class=\"happyforms-part__label-container\">\n\t\t\t\t<label for=\"happyforms-54_single_line_text_1\" class=\"happyforms-part__label\">\n\t\t\t<span class=\"label\">Nome<\/span>\n\t\t\t\t\t\t\t\t\t\t<span class=\"happyforms-required\"><\/span>\n\t\t\t\t\t\t\t\t\t\t<span class=\"happyforms-optional\">(optional)<\/span>\n\t\t\t\t\t<\/label>\n\t\t\t<\/div>\n\t\t\t\n\t\t\n\t\t<div class=\"happyforms-part__el\">\n\t\t\t\n\t\t\t\n\t\t\t<div class=\"happyforms-input\">\n\t\t\t\t\n\t\t\t\t<input id=\"happyforms-54_single_line_text_1\" type=\"text\" name=\"54_single_line_text_1\" value=\"\" placeholder=\"\" autocomplete=\"off\" spellcheck=\"false\"  autocorrect=\"off\" \/>\n\t\t\t\t\t\t\t<\/div>\n\n\t\t\t\n\t\t\t\n\t\t\t\t\t<\/div>\n\t<\/div>\n<\/div>\n<div class=\"happyforms-part--with-autocomplete happyforms-form__part happyforms-part happyforms-part--email happyforms-part--width-full happyforms-part--label-above\" id=\"happyforms-54_email_7-part\" data-happyforms-type=\"email\" data-happyforms-id=\"email_7\" data-happyforms-required=\"\">\n\t\t<div class=\"happyforms-part-wrap\">\n\t\t\t\t\t\t<div class=\"happyforms-part__label-container\">\n\t\t\t\t<label for=\"happyforms-54_email_7\" class=\"happyforms-part__label\">\n\t\t\t<span class=\"label\">Email<\/span>\n\t\t\t\t\t\t\t\t\t\t<span class=\"happyforms-required\"><\/span>\n\t\t\t\t\t\t\t\t\t\t<span class=\"happyforms-optional\">(optional)<\/span>\n\t\t\t\t\t<\/label>\n\t\t\t<\/div>\n\t\t\t\n\t\t\n\t\t<div class=\"happyforms-part__el\">\n\t\t\t\n\t\t\t\n\t\t\t<div class=\"happyforms-input\">\n\t\t\t\t<input type=\"email\" name=\"54_email_7\" id=\"happyforms-54_email_7\" value=\"\" placeholder=\"\" autocomplete=\"off\" spellcheck=\"false\"  autocorrect=\"off\" \/>\n\t\t\t\t\t\t\t<\/div>\n\n\t\t\t\n\t\t\t\n\t\t\t\t\t<\/div>\n\t<\/div>\n<\/div>\n<div class=\"happyforms-form__part happyforms-part happyforms-part--single_line_text happyforms-part--width-full happyforms-part--label-above\" id=\"happyforms-54_single_line_text_2-part\" data-happyforms-type=\"single_line_text\" data-happyforms-id=\"single_line_text_2\" data-happyforms-required=\"\">\n\t<div class=\"happyforms-part-wrap\">\n\t\t\n\t\t\t\t\t\t<div class=\"happyforms-part__label-container\">\n\t\t\t\t<label for=\"happyforms-54_single_line_text_2\" class=\"happyforms-part__label\">\n\t\t\t<span class=\"label\">Cidade+ Estado<\/span>\n\t\t\t\t\t\t\t\t\t\t<span class=\"happyforms-required\"><\/span>\n\t\t\t\t\t\t\t\t\t\t<span class=\"happyforms-optional\">(optional)<\/span>\n\t\t\t\t\t<\/label>\n\t\t\t<\/div>\n\t\t\t\n\t\t\n\t\t<div class=\"happyforms-part__el\">\n\t\t\t\n\t\t\t\n\t\t\t<div class=\"happyforms-input\">\n\t\t\t\t\n\t\t\t\t<input id=\"happyforms-54_single_line_text_2\" type=\"text\" name=\"54_single_line_text_2\" value=\"\" placeholder=\"\" autocomplete=\"off\" spellcheck=\"false\"  autocorrect=\"off\" \/>\n\t\t\t\t\t\t\t<\/div>\n\n\t\t\t\n\t\t\t\n\t\t\t\t\t<\/div>\n\t<\/div>\n<\/div>\n<div class=\"happyforms-form__part happyforms-part happyforms-part--multi_line_text happyforms-part--width-full happyforms-part--label-above\" id=\"happyforms-54_multi_line_text_6-part\" data-happyforms-type=\"multi_line_text\" data-happyforms-id=\"multi_line_text_6\" data-happyforms-required=\"\">\n\t<div class=\"happyforms-part-wrap\">\n\t\t\t\t\t\t<div class=\"happyforms-part__label-container\">\n\t\t\t\t<label for=\"happyforms-54_multi_line_text_6\" class=\"happyforms-part__label\">\n\t\t\t<span class=\"label\">Mensagem<\/span>\n\t\t\t\t\t\t\t\t\t\t<span class=\"happyforms-required\"><\/span>\n\t\t\t\t\t\t\t\t\t\t<span class=\"happyforms-optional\">(optional)<\/span>\n\t\t\t\t\t<\/label>\n\t\t\t<\/div>\n\t\t\t\n\t\t\n\t\t<div class=\"happyforms-part__el\">\n\t\t\t\n\t\t\t\t\t\t<textarea id=\"happyforms-54_multi_line_text_6\" name=\"54_multi_line_text_6\" rows=\"5\" placeholder=\"\" autocomplete=\"off\" spellcheck=\"false\" autocorrect=\"off\" ><\/textarea>\n\t\t\t\n\t\t\t\n\t\t\t\t\t<\/div>\n\t<\/div>\n<\/div>\n\t\t\t\t\t\t<div class=\"happyforms-form__part happyforms-part happyforms-part--submit\">\n\t\t<button type=\"submit\" class=\"happyforms-submit happyforms-button--submit \">ENVIAR<\/button>\n\t<\/div>\t\t<\/div>\n\n\t\t\t<\/form>\n\n\t<\/div>\n\n<div style='text-align:left' class='yasr-auto-insert-overall'><\/div><div style='text-align:left' class='yasr-auto-insert-visitor'><\/div>","protected":false},"excerpt":{"rendered":"<p>Tipos de Vacinas em estudo contra COVID-19 EDITORIAL CYC: S\u00f3 existem duas formas de se imunizar contra o COVID-19 (e todos os outro tipos de v\u00edrus que existem e que existir\u00e3o): A primeira \u00e9 tomar contato com o V\u00edrus (desenvolvendo ou n\u00e3o a doen\u00e7a) e assim, criando naturalmente os anticorpos necess\u00e1rios&#8230; Se o contato for [&hellip;]<\/p>\n","protected":false},"author":1,"featured_media":0,"parent":0,"menu_order":0,"comment_status":"closed","ping_status":"closed","template":"","meta":{"yasr_overall_rating":0,"yasr_post_is_review":"","yasr_auto_insert_disabled":"","yasr_review_type":"","footnotes":""},"class_list":["post-2356","page","type-page","status-publish","hentry"],"yasr_visitor_votes":{"stars_attributes":{"read_only":false,"span_bottom":false},"number_of_votes":0,"sum_votes":0},"_links":{"self":[{"href":"https:\/\/overboyaohushua.com\/index.php\/wp-json\/wp\/v2\/pages\/2356","targetHints":{"allow":["GET"]}}],"collection":[{"href":"https:\/\/overboyaohushua.com\/index.php\/wp-json\/wp\/v2\/pages"}],"about":[{"href":"https:\/\/overboyaohushua.com\/index.php\/wp-json\/wp\/v2\/types\/page"}],"author":[{"embeddable":true,"href":"https:\/\/overboyaohushua.com\/index.php\/wp-json\/wp\/v2\/users\/1"}],"replies":[{"embeddable":true,"href":"https:\/\/overboyaohushua.com\/index.php\/wp-json\/wp\/v2\/comments?post=2356"}],"version-history":[{"count":2,"href":"https:\/\/overboyaohushua.com\/index.php\/wp-json\/wp\/v2\/pages\/2356\/revisions"}],"predecessor-version":[{"id":2367,"href":"https:\/\/overboyaohushua.com\/index.php\/wp-json\/wp\/v2\/pages\/2356\/revisions\/2367"}],"wp:attachment":[{"href":"https:\/\/overboyaohushua.com\/index.php\/wp-json\/wp\/v2\/media?parent=2356"}],"curies":[{"name":"wp","href":"https:\/\/api.w.org\/{rel}","templated":true}]}}