{"id":3103,"date":"2022-02-26T19:31:59","date_gmt":"2022-02-26T17:31:59","guid":{"rendered":"https:\/\/overboyaohushua.com\/?page_id=3103"},"modified":"2022-02-26T19:31:59","modified_gmt":"2022-02-26T17:31:59","slug":"russia3guerra","status":"publish","type":"page","link":"https:\/\/overboyaohushua.com\/index.php\/russia3guerra\/","title":{"rendered":"R\u00fassia X Ucr\u00e2nia: In\u00edcio da 3\u00aa Guerra Mundial?"},"content":{"rendered":"\r\n<div class=\"wp-block-image\">\r\n<figure class=\"aligncenter\"><img decoding=\"async\" src=\"http:\/\/wp.cyocaminho.org\/wp-content\/uploads\/2019\/02\/CYCLog-1024x83.png\" alt=\"\" class=\"wp-image-25\" \/>\r\n<figcaption><a href=\"https:\/\/www.cyocaminho.org\">www.cyocaminho.org\u00a0<\/a><\/figcaption>\r\n<\/figure>\r\n<\/div>\r\n\r\n<h1 id=\"mcetoc_1fsrffppg0\" style=\"text-align: center;\">R\u00fassia x Ucr\u00e2nia: quais as chances do conflito se transformar na 3\u00aa Guerra Mundial?<\/h1>\r\n<p id=\"mcetoc_1fsrfgkug1\" style=\"text-align: center;\"><span style=\"font-size: 16px;\">Por pior que seja a situa\u00e7\u00e3o na fronteira entre R\u00fassia e Ucr\u00e2nia neste momento, n\u00e3o se imagina um confronto militar direto entre a alian\u00e7a militar Otan (Organiza\u00e7\u00e3o do Tratado do Atl\u00e2ntico Norte) e a R\u00fassia<\/span><\/p>\r\n<p><span style=\"font-size: 16px;\"><strong>NOTA:<\/strong> O poderio militar da R\u00fassia (se considerarmos a uni\u00e3o entre a R\u00fassia e a China, ent\u00e3o, \u00e9 imensur\u00e1vel) extremamente maior que o da OTAN e por isto o &#8216;mundo&#8217; fara de tudo para resolver diplomaticamente este conflito cujo fim aponta para a deposi\u00e7\u00e3o do governo ucraniano e na melhor das hip\u00f3tese, com o estabelecimento de um governo atrelado a Moscou. O &#8216;mundo&#8217; verdadeiramente est\u00e1 nas m\u00e3os deles: tanto por raz\u00f5es energ\u00e9ticas (o g\u00e1s natural\u00a0 X o carv\u00e3o mineral) e por raz\u00f5es alimentares (o mundo \u00e9 dependente dos fertilizantes russos e da &#8220;tecnologia&#8221; chinesa)&#8230;<\/span><\/p>\r\n<p style=\"text-align: center;\"><img loading=\"lazy\" decoding=\"async\" src=\"https:\/\/overboyaohushua.com\/wp-content\/uploads\/2022\/02\/Putin1.png\" alt=\"\" width=\"670\" height=\"446\" class=\"aligncenter wp-image-3104 size-full\" srcset=\"https:\/\/overboyaohushua.com\/wp-content\/uploads\/2022\/02\/Putin1.png 670w, https:\/\/overboyaohushua.com\/wp-content\/uploads\/2022\/02\/Putin1-300x200.png 300w, https:\/\/overboyaohushua.com\/wp-content\/uploads\/2022\/02\/Putin1-600x399.png 600w\" sizes=\"auto, (max-width: 670px) 100vw, 670px\" \/>\u00a0Militares russos e ve\u00edculos blindados na estrada na regi\u00e3o de Rostov, na R\u00fassia<\/p>\r\n<p class=\"texto\" style=\"text-align: center;\"><strong><span style=\"font-size: 16px;\"><span style=\"font-size: 20px;\">Estamos testemunhando o prel\u00fadio da 3\u00aa Guerra Mundial?<\/span><\/span><\/strong><\/p>\r\n<p class=\"texto\"><span style=\"font-size: 16px;\">Convenhamos, isso \u00e9 o que muitas pessoas est\u00e3o perguntando e pensando diante das recentes a\u00e7\u00f5es do Kremlin contra a Ucr\u00e2nia \u2014 e que desencadearam uma enxurrada de den\u00fancias e\u00a0<a href=\"https:\/\/www.bbc.com\/portuguese\/internacional-60485877?xtor=AL-73-%5Bpartner%5D-%5Bcorreiobraziliense.com.br%5D-%5Blink%5D-%5Bbrazil%5D-%5Bbizdev%5D-%5Bisapi%5D\">san\u00e7\u00f5es por parte do Ocidente<\/a>.<\/span><\/p>\r\n<blockquote>\r\n<p class=\"texto\"><span style=\"font-size: 16px;\"><strong>A resposta \u00e9: n\u00e3o!<\/strong> Por pior que seja a situa\u00e7\u00e3o na fronteira entre R\u00fassia e Ucr\u00e2nia neste momento, n\u00e3o se imagina um confronto militar direto entre a alian\u00e7a militar Otan (Organiza\u00e7\u00e3o do Tratado do Atl\u00e2ntico Norte) e a R\u00fassia.<\/span><\/p>\r\n<\/blockquote>\r\n<ul><\/ul>\r\n<p class=\"texto\"><span style=\"font-size: 16px;\">Ali\u00e1s, enquanto os EUA e o Reino Unido observavam a R\u00fassia montar uma for\u00e7a capaz de invadir a Ucr\u00e2nia, eles rapidamente retiraram seu pequeno n\u00famero de conselheiros militares.<\/span><\/p>\r\n<p class=\"texto\"><span style=\"font-size: 16px;\">&#8220;\u00c9 uma guerra mundial quando americanos e russos come\u00e7arem a atirar uns nos outros&#8221;, disse o presidente dos EUA, Joe Biden, no in\u00edcio deste m\u00eas, prometendo que n\u00e3o enviaria tropas americanas para a Ucr\u00e2nia sob nenhuma circunst\u00e2ncia.<\/span><\/p>\r\n<p class=\"texto\"><span style=\"font-size: 16px;\">Mas l\u00edderes ocidentais ainda temem que a R\u00fassia possa estar pronta para realizar uma invas\u00e3o da Ucr\u00e2nia em larga escala.<\/span><\/p>\r\n<p class=\"texto\"><span style=\"font-size: 16px;\">O qu\u00e3o preocupado se deve estar ainda depende de v\u00e1rios fatores \u2014 quem voc\u00ea \u00e9, onde voc\u00ea est\u00e1 e o que a R\u00fassia far\u00e1 em seguida.<\/span><\/p>\r\n<p class=\"texto\"><span style=\"font-size: 16px;\">Se voc\u00ea \u00e9 um soldado ucraniano da linha de frente no leste da Ucr\u00e2nia, claramente a situa\u00e7\u00e3o \u00e9 extremamente perigosa. E\u00a0<a href=\"https:\/\/www.bbc.com\/portuguese\/internacional-60491301?xtor=AL-73-%5Bpartner%5D-%5Bcorreiobraziliense.com.br%5D-%5Blink%5D-%5Bbrazil%5D-%5Bbizdev%5D-%5Bisapi%5D\">para milh\u00f5es de ucranianos, o medo de como a crise afetar\u00e1 seus cotidianos est\u00e1 sempre presente<\/a>.<\/span><\/p>\r\n<p class=\"texto\"><span style=\"font-size: 16px;\">Apenas o presidente Putin e seu c\u00edrculo \u00edntimo de confian\u00e7a sabem o qu\u00e3o longe ele pretende levar essa crise.<\/span><\/p>\r\n<p class=\"texto\"><span style=\"font-size: 16px;\">Enquanto a for\u00e7a da R\u00fassia permanecer concentrada nas fronteiras, mesmo a movimentada capital ucraniana Kiev, e outras cidades, n\u00e3o estar\u00e3o a salvo de ataques.<\/span><\/p>\r\n<p class=\"texto\"><span style=\"font-size: 16px;\">Mas a linha vermelha para a Otan e o Ocidente \u00e9 se a R\u00fassia amea\u00e7ar algum Estado membro da Otan.<\/span><\/p>\r\n<p class=\"texto\"><span style=\"font-size: 16px;\">De acordo com o Artigo 5 da Otan, a alian\u00e7a militar ocidental \u00e9 obrigada a defender qualquer Estado membro que seja atacado.<\/span><\/p>\r\n<ul>\r\n<li><span style=\"font-size: 16px;\"><a href=\"https:\/\/www.bbc.com\/portuguese\/internacional-60478071?xtor=AL-73-%5Bpartner%5D-%5Bcorreiobraziliense.com.br%5D-%5Blink%5D-%5Bbrazil%5D-%5Bbizdev%5D-%5Bisapi%5D\"> O enfurecido discurso de Putin que tenta reescrever hist\u00f3ria da Ucr\u00e2nia<\/a><\/span><\/li>\r\n<li><span style=\"font-size: 16px;\"><a href=\"https:\/\/www.bbc.com\/portuguese\/internacional-60477750?xtor=AL-73-%5Bpartner%5D-%5Bcorreiobraziliense.com.br%5D-%5Blink%5D-%5Bbrazil%5D-%5Bbizdev%5D-%5Bisapi%5D\"> Quais san\u00e7\u00f5es podem ser impostas contra R\u00fassia?<\/a><\/span><\/li>\r\n<\/ul>\r\n<p class=\"texto\"><span style=\"font-size: 16px;\">A Ucr\u00e2nia n\u00e3o \u00e9 membro da Otan, embora tenha dito que quer se juntar \u00e0 alian\u00e7a militar \u2014 algo que Putin est\u00e1 determinado a impedir.<\/span><\/p>\r\n<p class=\"texto\"><span style=\"font-size: 16px;\">Pa\u00edses do Leste Europeu como Est\u00f4nia, Let\u00f4nia, Litu\u00e2nia ou Pol\u00f4nia \u2014 que j\u00e1 fizeram parte da \u00f3rbita de Moscou nos tempos sovi\u00e9ticos \u2014 s\u00e3o todos membros da Otan.<\/span><\/p>\r\n<p class=\"texto\"><span style=\"font-size: 16px;\">Esses governos est\u00e3o claramente nervosos com o fato de que as for\u00e7as russas podem n\u00e3o parar na Ucr\u00e2nia e usar algum pretexto de &#8220;ajudar&#8221; minorias \u00e9tnicas russas no B\u00e1ltico para continuar invadindo outros pa\u00edses.<\/span><\/p>\r\n<p class=\"texto\"><span style=\"font-size: 16px;\">Por isso, a Otan recentemente enviou refor\u00e7os a seus membros do Leste Europeu.<\/span><\/p>\r\n<p class=\"texto\"><span style=\"font-size: 16px;\">Mas qu\u00e3o preocupado voc\u00ea deve estar? Enquanto n\u00e3o houver conflito direto entre a R\u00fassia e a Otan, n\u00e3o h\u00e1 raz\u00e3o para que essa crise, por pior que seja, vire uma guerra mundial em grande escala.<\/span><\/p>\r\n<figure>\r\n<figcaption>\u00a0<\/figcaption>\r\n<\/figure>\r\n<p class=\"texto\"><span style=\"font-size: 16px;\">N\u00e3o vamos esquecer que a R\u00fassia e os EUA t\u00eam, entre eles, mais de 8 mil ogivas nucleares, ent\u00e3o os riscos s\u00e3o estratosfericamente altos. A velha m\u00e1xima da Guerra Fria de &#8220;Destrui\u00e7\u00e3o Mutuamente Assegurada&#8221; (MAD, em ingl\u00eas) ainda se aplica.<\/span><\/p>\r\n<p class=\"texto\"><span style=\"font-size: 16px;\">&#8220;Putin n\u00e3o est\u00e1 prestes a atacar a Otan. Ele s\u00f3 quer transformar a Ucr\u00e2nia em um Estado vassalo como Belarus&#8221;, disse uma importante fonte militar brit\u00e2nica na ter\u00e7a-feira (22\/2).<\/span><\/p>\r\n<p class=\"texto\"><span style=\"font-size: 16px;\">Mas o imprevis\u00edvel aqui \u00e9 o estado de esp\u00edrito de Putin. Muitas vezes descrito como friamente calculista, como o enxadrista e lutador de jud\u00f4 que \u00e9, seu discurso na segunda-feira (21\/2) parecia mais o de um ditador raivoso do que o de um estrategista astuto.<\/span><\/p>\r\n<p class=\"texto\"><span style=\"font-size: 16px;\">Chamando a Otan de &#8220;perversa&#8221;, ele disse com todas as letras que a Ucr\u00e2nia que n\u00e3o tinha o direito de existir como uma na\u00e7\u00e3o soberana independente da R\u00fassia. Isso \u00e9 preocupante.<\/span><\/p>\r\n<ul><\/ul>\r\n<p class=\"texto\"><span style=\"font-size: 16px;\">O Reino Unido n\u00e3o \u00e9 o \u00fanico pa\u00eds a punir a R\u00fassia com san\u00e7\u00f5es \u2014\u00a0<a href=\"https:\/\/www.bbc.com\/portuguese\/internacional-60485877?xtor=AL-73-%5Bpartner%5D-%5Bcorreiobraziliense.com.br%5D-%5Blink%5D-%5Bbrazil%5D-%5Bbizdev%5D-%5Bisapi%5D\">os EUA foram mais longe e a Alemanha, por exemplo, adiou a aprova\u00e7\u00e3o do enorme gasoduto Nord Stream 2 da R\u00fassia<\/a>. Mas o Reino Unido foi pioneiro nas san\u00e7\u00f5es.<\/span><\/p>\r\n<p class=\"texto\"><span style=\"font-size: 16px;\">A R\u00fassia certamente retaliar\u00e1 de alguma forma. As empresas ocidentais na R\u00fassia provavelmente sofrer\u00e3o. Mas tudo pode piorar bem mais, se Putin assim quiser.<\/span><\/p>\r\n<p class=\"texto\"><span style=\"font-size: 16px;\">A vingan\u00e7a pode vir na forma de ataques cibern\u00e9ticos \u2014 algo sobre o qual o Centro Nacional de Seguran\u00e7a Cibern\u00e9tica do Reino Unido j\u00e1 alertou. Muitas vezes dif\u00edceis de atribuir ao governo russo, esses ataques podem ter como alvo bancos, empresas, indiv\u00edduos e at\u00e9 infraestruturas nacionais fundamentais.<\/span><\/p>\r\n<p class=\"texto\"><span style=\"font-size: 16px;\">O problema agora \u00e9 que, ap\u00f3s anos de decl\u00ednio das rela\u00e7\u00f5es com Moscou, inclusive com o envenenamento de dissidentes russos em solo brit\u00e2nico, a confian\u00e7a m\u00fatua entre a R\u00fassia e o Ocidente \u00e9 quase zero.<\/span><\/p>\r\n<p class=\"texto\"><span style=\"font-size: 16px;\">E esse \u00e9 um cen\u00e1rio perigoso em meio \u00e0 crise em curso na Ucr\u00e2nia.<\/span><\/p>\r\n<p><a href=\"https:\/\/overboyaohushua.com\/index.php\/russia\/\"><strong><span style=\"font-size: 16px;\">GUERRA: R\u00fassia X Ucr\u00e2nia &#8211; Saiba mais&#8230;<\/span><\/strong><\/a><\/p>\r\n<p>&nbsp;<\/p>\r\n<p style=\"text-align: center;\"><b><span style=\"color: #808080; font-family: Verdana;\"> <a href=\"http:\/\/overboyaohushua.com\/index.php\/principal-6\/\"><span style=\"color: #808080;\"> <marquee>Seja um Rosh (l\u00edder Congregacional); fa\u00e7a o CTA: Curso de Teologia Aplicada &#8211; CLIC!<\/marquee><\/span><\/a><\/span><\/b><\/p>\r\n\r\n<p><strong><span style=\"font-size: 16px;\"><a href=\"https:\/\/overboyaohushua.com\/wp-content\/uploads\/2020\/03\/A-trindade.pdf\"><img loading=\"lazy\" decoding=\"async\" src=\"https:\/\/overboyaohushua.com\/wp-content\/uploads\/2020\/03\/PDF-Download-150x150.jpg\" alt=\"\" width=\"65\" height=\"65\" class=\"alignleft wp-image-1972 \" srcset=\"https:\/\/overboyaohushua.com\/wp-content\/uploads\/2020\/03\/PDF-Download-150x150.jpg 150w, https:\/\/overboyaohushua.com\/wp-content\/uploads\/2020\/03\/PDF-Download-300x300.jpg 300w, https:\/\/overboyaohushua.com\/wp-content\/uploads\/2020\/03\/PDF-Download-100x100.jpg 100w, https:\/\/overboyaohushua.com\/wp-content\/uploads\/2020\/03\/PDF-Download.jpg 346w\" sizes=\"auto, (max-width: 65px) 100vw, 65px\" \/><\/a>SE DESEJAR, CLIC NESTA IMAGEM PARA BAIXAR ESTE ESTUDO EM SEU CELULAR&#8230;<\/span><\/strong><\/p>\r\n<p><strong>D\u00favidas:<\/strong><\/p>\r\n\r\n\r\n\t\t\t<link rel=\"stylesheet\" property=\"stylesheet\" href=\"https:\/\/overboyaohushua.com\/wp-content\/plugins\/happyforms\/bundles\/css\/frontend.css\" \/>\n\t\t\t\t<!-- HappyForms CSS variables -->\n\t<style>\n\t#happyforms-54 {\n\t\t--happyforms-part-title-font-size: 16px;\n--happyforms-part-description-font-size: 14px;\n--happyforms-part-value-font-size: 16px;\n--happyforms-submit-button-font-size: 18px;\n--happyforms-color-primary: #000000;\n--happyforms-color-success-notice: #ebf9f0;\n--happyforms-color-success-notice-text: #1eb452;\n--happyforms-color-error: #ff7550;\n--happyforms-color-error-notice: #ffeeea;\n--happyforms-color-error-notice-text: #f23000;\n--happyforms-color-part-title: #000000;\n--happyforms-color-part-value: #000000;\n--happyforms-color-part-placeholder: #888888;\n--happyforms-color-part-description: #454545;\n--happyforms-color-part-border: #dbdbdb;\n--happyforms-color-part-border-focus: #407fff;\n--happyforms-color-part-background: #ffffff;\n--happyforms-color-part-background-focus: #ffffff;\n--happyforms-color-submit-background: #407fff;\n--happyforms-color-submit-background-hover: #3567cc;\n--happyforms-color-submit-border: transparent;\n--happyforms-color-submit-text: #ffffff;\n--happyforms-color-submit-text-hover: #ffffff;\n--happyforms-color-table-row-odd: #fcfcfc;\n--happyforms-color-table-row-even: #efefef;\n--happyforms-color-table-row-odd-text: #000000;\n--happyforms-color-table-row-even-text: #000000;\n--happyforms-color-dropdown-item-bg: #ffffff;\n--happyforms-color-dropdown-item-text: #000000;\n--happyforms-color-dropdown-item-bg-hover: #dbdbdb;\n--happyforms-color-dropdown-item-text-hover: #000000;\n--happyforms-color-divider-hr: #cccccc;\n--happyforms-color-choice-checkmark-bg: #ffffff;\n--happyforms-color-choice-checkmark-bg-focus: #000000;\n--happyforms-color-choice-checkmark-color: #ffffff;\n\t}\n\t<\/style>\n\t<!-- End of HappyForms CSS variables -->\n\t\t<!-- HappyForms Additional CSS -->\n\t<style data-happyforms-additional-css>\n\t\t<\/style>\n\t<!-- End of HappyForms Additional CSS -->\n\t\t\t<link rel=\"stylesheet\" type=\"text\/css\" href=\"https:\/\/overboyaohushua.com\/wp-content\/plugins\/happyforms\/core\/assets\/css\/no-interaction.css\">\n\t\t<div class=\"happyforms-form happyforms-styles\" id=\"happyforms-54\">\n\t\t\n\t<form action=\"\" id=\"happyforms-form-54\" method=\"post\" novalidate=\"true\" autocomplete=\"off\">\n\t\t\t\t<input type=\"hidden\" name=\"happyforms_random_seed\" value=\"589475061\" \/>\n\t\t\n\t\t\t<input type=\"hidden\" name=\"action\" value=\"happyforms_message\">\n\t\t\t\t<input type=\"hidden\" name=\"client_referer\" value=\"\">\n\t\t\t\t<input type=\"hidden\" name=\"current_post_id\" value=\"\">\n\t\t\t\t<input type=\"hidden\" name=\"happyforms_form_id\" value=\"54\" \/>\n\t\t\t\t<input type=\"hidden\" name=\"happyforms_step\" value=\"0\" \/>\n\t\n\t\t<div class=\"happyforms-flex\">\n\t\t\t\t<input type=\"text\" name=\"54-number\" style=\"position:absolute;left:-5000px;\" tabindex=\"-1\" autocomplete=\"off\" aria-hidden=\"true\"> <span class=\"screen-reader-text\">Leave this field blank<\/span>\n\t\t\t\t\t\t\t\t\t\t<div class=\"happyforms-form__part happyforms-part happyforms-part--single_line_text happyforms-part--width-full happyforms-part--label-above\" id=\"happyforms-54_single_line_text_1-part\" data-happyforms-type=\"single_line_text\" data-happyforms-id=\"single_line_text_1\" data-happyforms-required=\"\">\n\t<div class=\"happyforms-part-wrap\">\n\t\t\n\t\t\t\t\t\t<div class=\"happyforms-part__label-container\">\n\t\t\t\t<label for=\"happyforms-54_single_line_text_1\" class=\"happyforms-part__label\">\n\t\t\t<span class=\"label\">Nome<\/span>\n\t\t\t\t\t\t\t\t\t\t<span class=\"happyforms-required\"><\/span>\n\t\t\t\t\t\t\t\t\t\t<span class=\"happyforms-optional\">(optional)<\/span>\n\t\t\t\t\t<\/label>\n\t\t\t<\/div>\n\t\t\t\n\t\t\n\t\t<div class=\"happyforms-part__el\">\n\t\t\t\n\t\t\t\n\t\t\t<div class=\"happyforms-input\">\n\t\t\t\t\n\t\t\t\t<input id=\"happyforms-54_single_line_text_1\" type=\"text\" name=\"54_single_line_text_1\" value=\"\" placeholder=\"\" autocomplete=\"off\" spellcheck=\"false\"  autocorrect=\"off\" \/>\n\t\t\t\t\t\t\t<\/div>\n\n\t\t\t\n\t\t\t\n\t\t\t\t\t<\/div>\n\t<\/div>\n<\/div>\n<div class=\"happyforms-part--with-autocomplete happyforms-form__part happyforms-part happyforms-part--email happyforms-part--width-full happyforms-part--label-above\" id=\"happyforms-54_email_7-part\" data-happyforms-type=\"email\" data-happyforms-id=\"email_7\" data-happyforms-required=\"\">\n\t\t<div class=\"happyforms-part-wrap\">\n\t\t\t\t\t\t<div class=\"happyforms-part__label-container\">\n\t\t\t\t<label for=\"happyforms-54_email_7\" class=\"happyforms-part__label\">\n\t\t\t<span class=\"label\">Email<\/span>\n\t\t\t\t\t\t\t\t\t\t<span class=\"happyforms-required\"><\/span>\n\t\t\t\t\t\t\t\t\t\t<span class=\"happyforms-optional\">(optional)<\/span>\n\t\t\t\t\t<\/label>\n\t\t\t<\/div>\n\t\t\t\n\t\t\n\t\t<div class=\"happyforms-part__el\">\n\t\t\t\n\t\t\t\n\t\t\t<div class=\"happyforms-input\">\n\t\t\t\t<input type=\"email\" name=\"54_email_7\" id=\"happyforms-54_email_7\" value=\"\" placeholder=\"\" autocomplete=\"off\" spellcheck=\"false\"  autocorrect=\"off\" \/>\n\t\t\t\t\t\t\t<\/div>\n\n\t\t\t\n\t\t\t\n\t\t\t\t\t<\/div>\n\t<\/div>\n<\/div>\n<div class=\"happyforms-form__part happyforms-part happyforms-part--single_line_text happyforms-part--width-full happyforms-part--label-above\" id=\"happyforms-54_single_line_text_2-part\" data-happyforms-type=\"single_line_text\" data-happyforms-id=\"single_line_text_2\" data-happyforms-required=\"\">\n\t<div class=\"happyforms-part-wrap\">\n\t\t\n\t\t\t\t\t\t<div class=\"happyforms-part__label-container\">\n\t\t\t\t<label for=\"happyforms-54_single_line_text_2\" class=\"happyforms-part__label\">\n\t\t\t<span class=\"label\">Cidade+ Estado<\/span>\n\t\t\t\t\t\t\t\t\t\t<span class=\"happyforms-required\"><\/span>\n\t\t\t\t\t\t\t\t\t\t<span class=\"happyforms-optional\">(optional)<\/span>\n\t\t\t\t\t<\/label>\n\t\t\t<\/div>\n\t\t\t\n\t\t\n\t\t<div class=\"happyforms-part__el\">\n\t\t\t\n\t\t\t\n\t\t\t<div class=\"happyforms-input\">\n\t\t\t\t\n\t\t\t\t<input id=\"happyforms-54_single_line_text_2\" type=\"text\" name=\"54_single_line_text_2\" value=\"\" placeholder=\"\" autocomplete=\"off\" spellcheck=\"false\"  autocorrect=\"off\" \/>\n\t\t\t\t\t\t\t<\/div>\n\n\t\t\t\n\t\t\t\n\t\t\t\t\t<\/div>\n\t<\/div>\n<\/div>\n<div class=\"happyforms-form__part happyforms-part happyforms-part--multi_line_text happyforms-part--width-full happyforms-part--label-above\" id=\"happyforms-54_multi_line_text_6-part\" data-happyforms-type=\"multi_line_text\" data-happyforms-id=\"multi_line_text_6\" data-happyforms-required=\"\">\n\t<div class=\"happyforms-part-wrap\">\n\t\t\t\t\t\t<div class=\"happyforms-part__label-container\">\n\t\t\t\t<label for=\"happyforms-54_multi_line_text_6\" class=\"happyforms-part__label\">\n\t\t\t<span class=\"label\">Mensagem<\/span>\n\t\t\t\t\t\t\t\t\t\t<span class=\"happyforms-required\"><\/span>\n\t\t\t\t\t\t\t\t\t\t<span class=\"happyforms-optional\">(optional)<\/span>\n\t\t\t\t\t<\/label>\n\t\t\t<\/div>\n\t\t\t\n\t\t\n\t\t<div class=\"happyforms-part__el\">\n\t\t\t\n\t\t\t\t\t\t<textarea id=\"happyforms-54_multi_line_text_6\" name=\"54_multi_line_text_6\" rows=\"5\" placeholder=\"\" autocomplete=\"off\" spellcheck=\"false\" autocorrect=\"off\" ><\/textarea>\n\t\t\t\n\t\t\t\n\t\t\t\t\t<\/div>\n\t<\/div>\n<\/div>\n\t\t\t\t\t\t<div class=\"happyforms-form__part happyforms-part happyforms-part--submit\">\n\t\t<button type=\"submit\" class=\"happyforms-submit happyforms-button--submit \">ENVIAR<\/button>\n\t<\/div>\t\t<\/div>\n\n\t\t\t<\/form>\n\n\t<\/div>\n\n<div style='text-align:left' class='yasr-auto-insert-overall'><\/div><div style='text-align:left' class='yasr-auto-insert-visitor'><\/div>","protected":false},"excerpt":{"rendered":"<p>R\u00fassia x Ucr\u00e2nia: quais as chances do conflito se transformar na 3\u00aa Guerra Mundial? Por pior que seja a situa\u00e7\u00e3o na fronteira entre R\u00fassia e Ucr\u00e2nia neste momento, n\u00e3o se imagina um confronto militar direto entre a alian\u00e7a militar Otan (Organiza\u00e7\u00e3o do Tratado do Atl\u00e2ntico Norte) e a R\u00fassia NOTA: O poderio militar da R\u00fassia [&hellip;]<\/p>\n","protected":false},"author":1,"featured_media":0,"parent":0,"menu_order":0,"comment_status":"closed","ping_status":"closed","template":"","meta":{"yasr_overall_rating":0,"yasr_post_is_review":"","yasr_auto_insert_disabled":"","yasr_review_type":"","footnotes":""},"class_list":["post-3103","page","type-page","status-publish","hentry"],"yasr_visitor_votes":{"stars_attributes":{"read_only":false,"span_bottom":false},"number_of_votes":0,"sum_votes":0},"_links":{"self":[{"href":"https:\/\/overboyaohushua.com\/index.php\/wp-json\/wp\/v2\/pages\/3103","targetHints":{"allow":["GET"]}}],"collection":[{"href":"https:\/\/overboyaohushua.com\/index.php\/wp-json\/wp\/v2\/pages"}],"about":[{"href":"https:\/\/overboyaohushua.com\/index.php\/wp-json\/wp\/v2\/types\/page"}],"author":[{"embeddable":true,"href":"https:\/\/overboyaohushua.com\/index.php\/wp-json\/wp\/v2\/users\/1"}],"replies":[{"embeddable":true,"href":"https:\/\/overboyaohushua.com\/index.php\/wp-json\/wp\/v2\/comments?post=3103"}],"version-history":[{"count":1,"href":"https:\/\/overboyaohushua.com\/index.php\/wp-json\/wp\/v2\/pages\/3103\/revisions"}],"predecessor-version":[{"id":3106,"href":"https:\/\/overboyaohushua.com\/index.php\/wp-json\/wp\/v2\/pages\/3103\/revisions\/3106"}],"wp:attachment":[{"href":"https:\/\/overboyaohushua.com\/index.php\/wp-json\/wp\/v2\/media?parent=3103"}],"curies":[{"name":"wp","href":"https:\/\/api.w.org\/{rel}","templated":true}]}}