{"id":525,"date":"2019-02-26T19:33:36","date_gmt":"2019-02-26T22:33:36","guid":{"rendered":"http:\/\/wp.cyocaminho.com\/?page_id=525"},"modified":"2020-02-09T22:53:46","modified_gmt":"2020-02-09T20:53:46","slug":"downloads","status":"publish","type":"page","link":"https:\/\/overboyaohushua.com\/index.php\/downloads\/","title":{"rendered":"Downloads"},"content":{"rendered":"\r\n<div class=\"wp-block-image\">\r\n<figure class=\"aligncenter\"><img decoding=\"async\" class=\"wp-image-25\" src=\"http:\/\/wp.cyocaminho.org\/wp-content\/uploads\/2019\/02\/CYCLog-1024x83.png\" alt=\"\" \/>\r\n<figcaption><a href=\"https:\/\/www.cyocaminho.org\">www.cyocaminho.org<\/a><\/figcaption>\r\n<\/figure>\r\n<\/div>\r\n\r\n\r\n\r\n<div class=\"wp-block-columns has-2-columns is-layout-flex wp-container-core-columns-is-layout-9d6595d7 wp-block-columns-is-layout-flex\">\r\n<div class=\"wp-block-column is-layout-flow wp-block-column-is-layout-flow\">\r\n<p style=\"text-align: center;\"><\/p>\r\n<p style=\"text-align: center;\"><span style=\"font-size: 14pt;\"><strong><a href=\"https:\/\/www.cyocaminho.org\/amostra.pdf\"><img loading=\"lazy\" decoding=\"async\" class=\"aligncenter wp-image-529 size-medium\" title=\"Primeiras p\u00e1ginas...\" src=\"http:\/\/wp.cyocaminho.org\/wp-content\/uploads\/2019\/02\/AmostPDF-230x300.png\" alt=\"\" width=\"230\" height=\"300\" srcset=\"https:\/\/overboyaohushua.com\/wp-content\/uploads\/2019\/02\/AmostPDF-230x300.png 230w, https:\/\/overboyaohushua.com\/wp-content\/uploads\/2019\/02\/AmostPDF-300x391.png 300w, https:\/\/overboyaohushua.com\/wp-content\/uploads\/2019\/02\/AmostPDF.png 375w\" sizes=\"auto, (max-width: 230px) 100vw, 230px\" \/><\/a><\/strong><\/span><\/p>\r\n<h4 align=\"center\"><span style=\"font-family: 'comic sans ms', sans-serif; font-size: 12pt; color: #808080;\"><b>CLIC SOBRE A IMAGEM PARA BAIXAR AS PRIMEIRAS P\u00c1GINAS DA ESN LING. PADR\u00c3O\u00a0<\/b><\/span><\/h4>\r\n<\/div>\r\n\r\n\r\n\r\n<div class=\"wp-block-column is-layout-flow wp-block-column-is-layout-flow\">\r\n<p>&nbsp;<\/p>\r\n<p style=\"text-align: center;\"><a href=\"https:\/\/cyocaminho.org\/texto.pdf\"><img loading=\"lazy\" decoding=\"async\" class=\"aligncenter wp-image-530 size-medium\" title=\"Tamanho de letras...\" src=\"http:\/\/wp.cyocaminho.org\/wp-content\/uploads\/2019\/02\/texto-300x205.png\" alt=\"\" width=\"300\" height=\"205\" srcset=\"https:\/\/overboyaohushua.com\/wp-content\/uploads\/2019\/02\/texto-300x205.png 300w, https:\/\/overboyaohushua.com\/wp-content\/uploads\/2019\/02\/texto-600x409.png 600w, https:\/\/overboyaohushua.com\/wp-content\/uploads\/2019\/02\/texto.png 729w\" sizes=\"auto, (max-width: 300px) 100vw, 300px\" \/><\/a><\/p>\r\n<p align=\"center\"><span style=\"font-size: 14pt;\"><span style=\"font-family: comic sans ms, sans-serif;\"><b>Clic sobre a imagem para baixar e depois imprimir em uma folha de sulfite (A4) e assim comparar os tamanho de letra de cada modelo&#8230;<\/b><\/span><\/span><\/p>\r\n<\/div>\r\n<\/div>\r\n\r\n<p align=\"center\"><\/p>\r\n<p align=\"center\"><\/p>\r\n<p align=\"center\"><\/p>\r\n<h4 align=\"center\"><span style=\"font-family: 'comic sans ms', sans-serif; font-size: 12pt; color: #808080;\"><b>CLIC SOBRE A IMAGEM PARA BAIXAR A ESN LING. MODERNA EM SEU MOBILE<\/b><\/span><\/h4>\r\n<p style=\"text-align: center;\"><a href=\"https:\/\/cyocaminho.org\/ESNfree.pdf\"><img loading=\"lazy\" decoding=\"async\" src=\"http:\/\/overboyaohushua.com\/wp-content\/uploads\/2019\/02\/ESNjov-e1551116535663.jpg\" alt=\"\" width=\"197\" height=\"173\" class=\"wp-image-340  aligncenter\" \/><\/a><\/p>\r\n<hr \/>\r\n<p align=\"center\"><b><span style=\"color: #000080; font-family: Arial Black; font-size: small;\">\u00a0<\/span><\/b><\/p>\r\n<p align=\"center\"><b><span style=\"font-family: Verdana; font-size: large;\">Pregue a Verdade; Presenteie uma ESN!!!<\/span><\/b><\/p>\r\n<p align=\"justify\"><span style=\"color: #000080; font-family: Verdana;\"><span style=\"font-size: large;\"><img loading=\"lazy\" decoding=\"async\" src=\"https:\/\/www.cyocaminho.org\/test.gif\" width=\"286\" height=\"221\" align=\"left\" border=\"0\" \/><\/span><\/span><span style=\"font-family: Verdana; font-size: 12pt;\"><span style=\"font-family: Verdana;\">A Verdadeira e \u00fanica edi\u00e7\u00e3o das\u00a0<b>Escrituras Sagradas segundo o Nome<\/b>\u00a0[ESN &#8211; EUC by CYC; Edi\u00e7\u00e3o Unitariana Corrigida], totalmente sob a \u00f3tica de Jo 1:3 onde TUDO foi criado por Yaohushua, est\u00e1 dispon\u00edvel! &#8230; Nesta edi\u00e7\u00e3o, muitas passagens onde os judaicos [e trinitarianos] n\u00e3o identificam Yaohushua, Ele est\u00e1 claramente identificado&#8230; Al\u00e9m disto, TODOS os nomes de profetas, personagens e locais geogr\u00e1ficos est\u00e3o no Hebraico Arcaico, a l\u00edngua original das Escrituras. Solicite o seu exemplar e livre-se do paganismo que impera nas b\u00edblias trinitarianas!!!<\/span><\/span><\/p>\r\n<p align=\"center\"><i><span style=\"font-family: Verdana;\"><span style=\"font-size: large;\">Veja mais informa\u00e7\u00f5es, modelos; e, solicite a sua com ou sem Cart\u00e3o de Cr\u00e9dito!<\/span><\/span><\/i><\/p>\r\n<p align=\"center\"><a href=\"http:\/\/wp.cyocaminho.org\/index.php\/loja\/\"><span style=\"font-family: Verdana; font-size: large;\"><b>Com Cart\u00e3o de Credito &#8211; Clic Aqui!<\/b><\/span><\/a><\/p>\r\n<p align=\"center\"><span style=\"font-family: 'comic sans ms', sans-serif; font-size: 12pt;\"><strong>OBS:<\/strong> USE O FORMUL\u00c1RIO DE CONTATO PARA PEDIR SEM CART\u00c3O.\u00a0ADOTE ESTA ESCRITURA EM SUA CONGREGA\u00c7\u00c3O<\/span><\/p>\r\n<p align=\"center\"><\/p>\r\n\r\n\r\n\t\t\t<link rel=\"stylesheet\" property=\"stylesheet\" href=\"https:\/\/overboyaohushua.com\/wp-content\/plugins\/happyforms\/bundles\/css\/frontend.css\" \/>\n\t\t\t\t<!-- HappyForms CSS variables -->\n\t<style>\n\t#happyforms-54 {\n\t\t--happyforms-part-title-font-size: 16px;\n--happyforms-part-description-font-size: 14px;\n--happyforms-part-value-font-size: 16px;\n--happyforms-submit-button-font-size: 18px;\n--happyforms-color-primary: #000000;\n--happyforms-color-success-notice: #ebf9f0;\n--happyforms-color-success-notice-text: #1eb452;\n--happyforms-color-error: #ff7550;\n--happyforms-color-error-notice: #ffeeea;\n--happyforms-color-error-notice-text: #f23000;\n--happyforms-color-part-title: #000000;\n--happyforms-color-part-value: #000000;\n--happyforms-color-part-placeholder: #888888;\n--happyforms-color-part-description: #454545;\n--happyforms-color-part-border: #dbdbdb;\n--happyforms-color-part-border-focus: #407fff;\n--happyforms-color-part-background: #ffffff;\n--happyforms-color-part-background-focus: #ffffff;\n--happyforms-color-submit-background: #407fff;\n--happyforms-color-submit-background-hover: #3567cc;\n--happyforms-color-submit-border: transparent;\n--happyforms-color-submit-text: #ffffff;\n--happyforms-color-submit-text-hover: #ffffff;\n--happyforms-color-table-row-odd: #fcfcfc;\n--happyforms-color-table-row-even: #efefef;\n--happyforms-color-table-row-odd-text: #000000;\n--happyforms-color-table-row-even-text: #000000;\n--happyforms-color-dropdown-item-bg: #ffffff;\n--happyforms-color-dropdown-item-text: #000000;\n--happyforms-color-dropdown-item-bg-hover: #dbdbdb;\n--happyforms-color-dropdown-item-text-hover: #000000;\n--happyforms-color-divider-hr: #cccccc;\n--happyforms-color-choice-checkmark-bg: #ffffff;\n--happyforms-color-choice-checkmark-bg-focus: #000000;\n--happyforms-color-choice-checkmark-color: #ffffff;\n\t}\n\t<\/style>\n\t<!-- End of HappyForms CSS variables -->\n\t\t<!-- HappyForms Additional CSS -->\n\t<style data-happyforms-additional-css>\n\t\t<\/style>\n\t<!-- End of HappyForms Additional CSS -->\n\t\t\t<link rel=\"stylesheet\" type=\"text\/css\" href=\"https:\/\/overboyaohushua.com\/wp-content\/plugins\/happyforms\/core\/assets\/css\/no-interaction.css\">\n\t\t<div class=\"happyforms-form happyforms-styles\" id=\"happyforms-54\">\n\t\t\n\t<form action=\"\" id=\"happyforms-form-54\" method=\"post\" novalidate=\"true\" autocomplete=\"off\">\n\t\t\t\t<input type=\"hidden\" name=\"happyforms_random_seed\" value=\"3699141105\" \/>\n\t\t\n\t\t\t<input type=\"hidden\" name=\"action\" value=\"happyforms_message\">\n\t\t\t\t<input type=\"hidden\" name=\"client_referer\" value=\"\">\n\t\t\t\t<input type=\"hidden\" name=\"current_post_id\" value=\"\">\n\t\t\t\t<input type=\"hidden\" name=\"happyforms_form_id\" value=\"54\" \/>\n\t\t\t\t<input type=\"hidden\" name=\"happyforms_step\" value=\"0\" \/>\n\t\n\t\t<div class=\"happyforms-flex\">\n\t\t\t\t<input type=\"text\" name=\"54-single_line_text\" style=\"position:absolute;left:-5000px;\" tabindex=\"-1\" autocomplete=\"off\" aria-hidden=\"true\"> <span class=\"screen-reader-text\">Leave this field blank<\/span>\n\t\t\t\t\t\t\t\t\t\t<div class=\"happyforms-form__part happyforms-part happyforms-part--single_line_text happyforms-part--width-full happyforms-part--label-above\" id=\"happyforms-54_single_line_text_1-part\" data-happyforms-type=\"single_line_text\" data-happyforms-id=\"single_line_text_1\" data-happyforms-required=\"\">\n\t<div class=\"happyforms-part-wrap\">\n\t\t\n\t\t\t\t\t\t<div class=\"happyforms-part__label-container\">\n\t\t\t\t<label for=\"happyforms-54_single_line_text_1\" class=\"happyforms-part__label\">\n\t\t\t<span class=\"label\">Nome<\/span>\n\t\t\t\t\t\t\t\t\t\t<span class=\"happyforms-required\"><\/span>\n\t\t\t\t\t\t\t\t\t\t<span class=\"happyforms-optional\">(optional)<\/span>\n\t\t\t\t\t<\/label>\n\t\t\t<\/div>\n\t\t\t\n\t\t\n\t\t<div class=\"happyforms-part__el\">\n\t\t\t\n\t\t\t\n\t\t\t<div class=\"happyforms-input\">\n\t\t\t\t\n\t\t\t\t<input id=\"happyforms-54_single_line_text_1\" type=\"text\" name=\"54_single_line_text_1\" value=\"\" placeholder=\"\" autocomplete=\"off\" spellcheck=\"false\"  autocorrect=\"off\" \/>\n\t\t\t\t\t\t\t<\/div>\n\n\t\t\t\n\t\t\t\n\t\t\t\t\t<\/div>\n\t<\/div>\n<\/div>\n<div class=\"happyforms-part--with-autocomplete happyforms-form__part happyforms-part happyforms-part--email happyforms-part--width-full happyforms-part--label-above\" id=\"happyforms-54_email_7-part\" data-happyforms-type=\"email\" data-happyforms-id=\"email_7\" data-happyforms-required=\"\">\n\t\t<div class=\"happyforms-part-wrap\">\n\t\t\t\t\t\t<div class=\"happyforms-part__label-container\">\n\t\t\t\t<label for=\"happyforms-54_email_7\" class=\"happyforms-part__label\">\n\t\t\t<span class=\"label\">Email<\/span>\n\t\t\t\t\t\t\t\t\t\t<span class=\"happyforms-required\"><\/span>\n\t\t\t\t\t\t\t\t\t\t<span class=\"happyforms-optional\">(optional)<\/span>\n\t\t\t\t\t<\/label>\n\t\t\t<\/div>\n\t\t\t\n\t\t\n\t\t<div class=\"happyforms-part__el\">\n\t\t\t\n\t\t\t\n\t\t\t<div class=\"happyforms-input\">\n\t\t\t\t<input type=\"email\" name=\"54_email_7\" id=\"happyforms-54_email_7\" value=\"\" placeholder=\"\" autocomplete=\"off\" spellcheck=\"false\"  autocorrect=\"off\" \/>\n\t\t\t\t\t\t\t<\/div>\n\n\t\t\t\n\t\t\t\n\t\t\t\t\t<\/div>\n\t<\/div>\n<\/div>\n<div class=\"happyforms-form__part happyforms-part happyforms-part--single_line_text happyforms-part--width-full happyforms-part--label-above\" id=\"happyforms-54_single_line_text_2-part\" data-happyforms-type=\"single_line_text\" data-happyforms-id=\"single_line_text_2\" data-happyforms-required=\"\">\n\t<div class=\"happyforms-part-wrap\">\n\t\t\n\t\t\t\t\t\t<div class=\"happyforms-part__label-container\">\n\t\t\t\t<label for=\"happyforms-54_single_line_text_2\" class=\"happyforms-part__label\">\n\t\t\t<span class=\"label\">Cidade+ Estado<\/span>\n\t\t\t\t\t\t\t\t\t\t<span class=\"happyforms-required\"><\/span>\n\t\t\t\t\t\t\t\t\t\t<span class=\"happyforms-optional\">(optional)<\/span>\n\t\t\t\t\t<\/label>\n\t\t\t<\/div>\n\t\t\t\n\t\t\n\t\t<div class=\"happyforms-part__el\">\n\t\t\t\n\t\t\t\n\t\t\t<div class=\"happyforms-input\">\n\t\t\t\t\n\t\t\t\t<input id=\"happyforms-54_single_line_text_2\" type=\"text\" name=\"54_single_line_text_2\" value=\"\" placeholder=\"\" autocomplete=\"off\" spellcheck=\"false\"  autocorrect=\"off\" \/>\n\t\t\t\t\t\t\t<\/div>\n\n\t\t\t\n\t\t\t\n\t\t\t\t\t<\/div>\n\t<\/div>\n<\/div>\n<div class=\"happyforms-form__part happyforms-part happyforms-part--multi_line_text happyforms-part--width-full happyforms-part--label-above\" id=\"happyforms-54_multi_line_text_6-part\" data-happyforms-type=\"multi_line_text\" data-happyforms-id=\"multi_line_text_6\" data-happyforms-required=\"\">\n\t<div class=\"happyforms-part-wrap\">\n\t\t\t\t\t\t<div class=\"happyforms-part__label-container\">\n\t\t\t\t<label for=\"happyforms-54_multi_line_text_6\" class=\"happyforms-part__label\">\n\t\t\t<span class=\"label\">Mensagem<\/span>\n\t\t\t\t\t\t\t\t\t\t<span class=\"happyforms-required\"><\/span>\n\t\t\t\t\t\t\t\t\t\t<span class=\"happyforms-optional\">(optional)<\/span>\n\t\t\t\t\t<\/label>\n\t\t\t<\/div>\n\t\t\t\n\t\t\n\t\t<div class=\"happyforms-part__el\">\n\t\t\t\n\t\t\t\t\t\t<textarea id=\"happyforms-54_multi_line_text_6\" name=\"54_multi_line_text_6\" rows=\"5\" placeholder=\"\" autocomplete=\"off\" spellcheck=\"false\" autocorrect=\"off\" ><\/textarea>\n\t\t\t\n\t\t\t\n\t\t\t\t\t<\/div>\n\t<\/div>\n<\/div>\n\t\t\t\t\t\t<div class=\"happyforms-form__part happyforms-part happyforms-part--submit\">\n\t\t<button type=\"submit\" class=\"happyforms-submit happyforms-button--submit \">ENVIAR<\/button>\n\t<\/div>\t\t<\/div>\n\n\t\t\t<\/form>\n\n\t<\/div>\n\n<div style='text-align:left' class='yasr-auto-insert-overall'><\/div><div style='text-align:left' class='yasr-auto-insert-visitor'><\/div>","protected":false},"excerpt":{"rendered":"<p>CLIC SOBRE A IMAGEM PARA BAIXAR AS PRIMEIRAS P\u00c1GINAS DA ESN LING. PADR\u00c3O\u00a0 &nbsp; Clic sobre a imagem para baixar e depois imprimir em uma folha de sulfite (A4) e assim comparar os tamanho de letra de cada modelo&#8230; CLIC SOBRE A IMAGEM PARA BAIXAR A ESN LING. MODERNA EM SEU MOBILE \u00a0 Pregue a [&hellip;]<\/p>\n","protected":false},"author":1,"featured_media":0,"parent":0,"menu_order":0,"comment_status":"closed","ping_status":"closed","template":"","meta":{"yasr_overall_rating":0,"yasr_post_is_review":"","yasr_auto_insert_disabled":"","yasr_review_type":"","footnotes":""},"class_list":["post-525","page","type-page","status-publish","hentry"],"yasr_visitor_votes":{"stars_attributes":{"read_only":false,"span_bottom":false},"number_of_votes":0,"sum_votes":0},"_links":{"self":[{"href":"https:\/\/overboyaohushua.com\/index.php\/wp-json\/wp\/v2\/pages\/525","targetHints":{"allow":["GET"]}}],"collection":[{"href":"https:\/\/overboyaohushua.com\/index.php\/wp-json\/wp\/v2\/pages"}],"about":[{"href":"https:\/\/overboyaohushua.com\/index.php\/wp-json\/wp\/v2\/types\/page"}],"author":[{"embeddable":true,"href":"https:\/\/overboyaohushua.com\/index.php\/wp-json\/wp\/v2\/users\/1"}],"replies":[{"embeddable":true,"href":"https:\/\/overboyaohushua.com\/index.php\/wp-json\/wp\/v2\/comments?post=525"}],"version-history":[{"count":2,"href":"https:\/\/overboyaohushua.com\/index.php\/wp-json\/wp\/v2\/pages\/525\/revisions"}],"predecessor-version":[{"id":1312,"href":"https:\/\/overboyaohushua.com\/index.php\/wp-json\/wp\/v2\/pages\/525\/revisions\/1312"}],"wp:attachment":[{"href":"https:\/\/overboyaohushua.com\/index.php\/wp-json\/wp\/v2\/media?parent=525"}],"curies":[{"name":"wp","href":"https:\/\/api.w.org\/{rel}","templated":true}]}}