{"id":380,"date":"2019-02-25T15:26:27","date_gmt":"2019-02-25T13:26:27","guid":{"rendered":"http:\/\/wp.cyocaminho.com\/?post_type=product&#038;p=380"},"modified":"2024-08-28T17:08:29","modified_gmt":"2024-08-28T14:08:29","slug":"esn-edicao-ltrgd-padrao","status":"publish","type":"product","link":"https:\/\/overboyaohushua.com\/index.php\/produto\/esn-edicao-ltrgd-padrao\/","title":{"rendered":"ESN &#8211; Letra Grande\/ Ling. Padr\u00e3o"},"content":{"rendered":"<p style=\"text-align: left;\" align=\"right\"><span style=\"font-family: Verdana;\"><b><img loading=\"lazy\" decoding=\"async\" class=\"alignleft wp-image-2868 size-medium\" src=\"https:\/\/overboyaohushua.com\/wp-content\/uploads\/2019\/02\/ESNgdePad01-247x300.png\" alt=\"\" width=\"247\" height=\"300\" srcset=\"https:\/\/overboyaohushua.com\/wp-content\/uploads\/2019\/02\/ESNgdePad01-247x300.png 247w, https:\/\/overboyaohushua.com\/wp-content\/uploads\/2019\/02\/ESNgdePad01-300x364.png 300w, https:\/\/overboyaohushua.com\/wp-content\/uploads\/2019\/02\/ESNgdePad01.png 560w\" sizes=\"auto, (max-width: 247px) 100vw, 247px\" \/><\/b><\/span><\/p><p style=\"text-align: left;\" align=\"right\"><span style=\"font-family: Verdana; font-size: 12pt;\"><b>LETRA GRANDE<\/b><\/span><\/p><p style=\"text-align: left;\" align=\"right\"><span style=\"font-size: 12pt;\"><span style=\"font-family: Verdana;\"><b>DIMENS\u00d5ES: B5\u00a0<\/b>[0.18 X 0.25 ~ 700 p\u00e1ginas; impress\u00e3o digital, papel offset 63g].<\/span><\/span><\/p><p style=\"text-align: left;\" align=\"right\"><span style=\"font-family: Verdana; font-size: 12pt;\"><b>ENCADERNA\u00c7\u00c3O<\/b>: Capa Dura, Ilustra\u00e7\u00e3o Digital Color; Plastificada com acetato semi brilho<\/span><\/p><p style=\"text-align: left;\" align=\"justify\"><span style=\"color: #808080; font-family: Verdana; font-size: 12pt;\">ESN NA LINGUAGEM PADR\u00c3O; DEVIDO AO SEU TAMANHO, A ESN &#8211; Escrituras Sagradas segundo o Nome &#8211; PERMITE A QUEM TEM DIFICULDADES VISUAIS MODERADA, LER AS ESCRITURAS SAGRADAS. AUMENTAMOS A DIMENS\u00c3O DO VOLUME E ASSIM, PUDEMOS AUMENTAR UM\u00a0POUCO MAIS O TAMANHO DAS LETRAS&#8230;<\/span><\/p><p style=\"text-align: left;\" align=\"justify\"><span style=\"color: #808080; font-size: 12pt;\"><span style=\"font-family: Verdana;\">NA ESN LINGUAGEM PADR\u00c3O, AS PASSAGENS EST\u00c3O DIVIDIDAS PELO CONTEXTO E NOTAS DE RODAP\u00c9, ESCLARECEM AS DOUTRINAS&#8230; Cont\u00e9m apenas o Nome transliterado. Ex: Matt&#8217;yaohuh<\/span><span style=\"font-family: Verdana;\">. TAMB\u00c9M\u00a0<\/span><span style=\"font-family: Verdana;\">em\u00a0LETRA EXTRA GRANDE E GIGANTE<\/span><\/span><\/p><p style=\"text-align: left;\" align=\"justify\"><span style=\"color: #808080; font-family: Verdana; font-size: 12pt;\">AL\u00c9M DE ESTAR DIVIDIDA PELO CONTEXTO, SEUS LIVROS SEGUEM A ORDEM CRONOL\u00d3GICA &#8211; HEBRAICA!<\/span><\/p><p align=\"justify\"><span style=\"font-size: 12pt;\"><a href=\"https:\/\/overboyaohushua.com\/index.php\/model-4\/\" target=\"_blank\" rel=\"noopener\"><em>EST\u00c1 NA D\u00daVIDA? CLIC AQUI e Compare a ESN com as fraudes dispon\u00edveis na Internet<\/em><\/a><\/span><\/p><div style='text-align:left' class='yasr-auto-insert-overall'><\/div><div style='text-align:left' class='yasr-auto-insert-visitor'><\/div>","protected":false},"excerpt":{"rendered":"<p>LETRA GRANDEDIMENS\u00d5ES: B5\u00a0[0.18 X 0.25 ~ 700 p\u00e1ginas; impress\u00e3o digital, papel offset 63g].ENCADERNA\u00c7\u00c3O: Capa Dura, Ilustra\u00e7\u00e3o Digital Color; Plastificada com acetato semi brilhoESN NA LINGUAGEM PADR\u00c3O; DEVIDO AO SEU TAMANHO, A ESN &#8211; Escrituras Sagradas segundo o Nome &#8211; PERMITE A QUEM TEM DIFICULDADES VISUAIS MODERADA, LER AS ESCRITURAS SAGRADAS. AUMENTAMOS A DIMENS\u00c3O DO VOLUME [&hellip;]<\/p>\n","protected":false},"featured_media":2868,"comment_status":"closed","ping_status":"closed","template":"","meta":{"yasr_overall_rating":0,"yasr_post_is_review":"yes","yasr_auto_insert_disabled":"","yasr_review_type":""},"class_list":{"0":"post-380","1":"product","2":"type-product","3":"status-publish","4":"has-post-thumbnail","6":"product_cat-esns","7":"product_tag-esn-04p","9":"first","10":"outofstock","11":"featured","12":"taxable","13":"shipping-taxable","14":"purchasable","15":"product-type-simple"},"yasr_visitor_votes":{"stars_attributes":{"read_only":false,"span_bottom":false},"number_of_votes":0,"sum_votes":0},"_links":{"self":[{"href":"https:\/\/overboyaohushua.com\/index.php\/wp-json\/wp\/v2\/product\/380","targetHints":{"allow":["GET"]}}],"collection":[{"href":"https:\/\/overboyaohushua.com\/index.php\/wp-json\/wp\/v2\/product"}],"about":[{"href":"https:\/\/overboyaohushua.com\/index.php\/wp-json\/wp\/v2\/types\/product"}],"replies":[{"embeddable":true,"href":"https:\/\/overboyaohushua.com\/index.php\/wp-json\/wp\/v2\/comments?post=380"}],"wp:featuredmedia":[{"embeddable":true,"href":"https:\/\/overboyaohushua.com\/index.php\/wp-json\/wp\/v2\/media\/2868"}],"wp:attachment":[{"href":"https:\/\/overboyaohushua.com\/index.php\/wp-json\/wp\/v2\/media?parent=380"}],"curies":[{"name":"wp","href":"https:\/\/api.w.org\/{rel}","templated":true}]}}