{"id":395,"date":"2019-02-25T16:20:33","date_gmt":"2019-02-25T14:20:33","guid":{"rendered":"http:\/\/wp.cyocaminho.com\/?post_type=product&#038;p=395"},"modified":"2024-08-28T17:31:14","modified_gmt":"2024-08-28T14:31:14","slug":"esn-letra-extra-grande-luxo","status":"publish","type":"product","link":"https:\/\/overboyaohushua.com\/index.php\/produto\/esn-letra-extra-grande-luxo\/","title":{"rendered":"ESN &#8211; Letra Extra Grande LUXO"},"content":{"rendered":"<p style=\"text-align: left;\" align=\"right\">\u00a0<\/p><p style=\"text-align: left;\" align=\"right\"><span style=\"font-family: Verdana; color: #808080;\"><b><img loading=\"lazy\" decoding=\"async\" class=\"alignleft wp-image-2859 size-medium\" src=\"https:\/\/overboyaohushua.com\/wp-content\/uploads\/2019\/02\/ESNluxo01-247x300.png\" alt=\"\" width=\"247\" height=\"300\" srcset=\"https:\/\/overboyaohushua.com\/wp-content\/uploads\/2019\/02\/ESNluxo01-247x300.png 247w, https:\/\/overboyaohushua.com\/wp-content\/uploads\/2019\/02\/ESNluxo01-300x364.png 300w, https:\/\/overboyaohushua.com\/wp-content\/uploads\/2019\/02\/ESNluxo01.png 560w\" sizes=\"auto, (max-width: 247px) 100vw, 247px\" \/><\/b><\/span><\/p><p style=\"text-align: left;\" align=\"right\"><span style=\"font-family: verdana, geneva, sans-serif; font-size: 12pt;\"><strong>LETRA EXTRA GRANDE\u00a0<\/strong><\/span><\/p><p style=\"text-align: left;\" align=\"right\"><span style=\"font-size: 18pt;\"><strong>R$ 245,00<\/strong><\/span><\/p><p style=\"text-align: left;\" align=\"right\"><span style=\"font-family: Verdana; color: #808080; font-size: 12pt;\"><b>DIMENS\u00d5ES: A4<\/b>\u00a0[0.21 X 0.29 ~ 720 p\u00e1ginas na cor creme; impress\u00e3o digital, papel offset 70grs].<\/span><\/p><p style=\"text-align: left;\" align=\"right\"><span style=\"font-family: Verdana; color: #808080; font-size: 12pt;\"><b>ENCADERNA\u00c7\u00c3O:<\/b>\u00a0Capa Dura, Ilustra\u00e7\u00e3o digital color, plastificada com aceto semi transparente<\/span><\/p><p style=\"text-align: left;\" align=\"right\"><span style=\"color: #ff0000;\">\u00ab Imagens sem defini\u00e7\u00e3o de tamanho (Apenas para Indicar a Cor da Ilustra\u00e7\u00e3o da Capa)<\/span><\/p><p style=\"text-align: left;\" align=\"justify\"><span style=\"font-size: 12pt;\"><b><span style=\"font-family: Verdana;\">LUXO &#8211; As<\/span><\/b><span style=\"font-family: Verdana;\">\u00a0<b>Escrituras Sagradas segundo o Nome<\/b>\u00a0[ESN &#8211; EUC by CYC; Edi\u00e7\u00e3o Unitariana Corrigida], totalmente sob a \u00f3tica de Jo 1:3 onde TUDO foi criado por Yaohushua, est\u00e1 dispon\u00edvel em Tamanho especialmente preparada para os pregadores [rosh] usarem no p\u00falpito, devido ao tamanho de sua letra.<\/span><\/span><\/p><p style=\"text-align: left;\" align=\"justify\"><span style=\"font-family: Verdana; font-size: 12pt;\">Nesta Edi\u00e7\u00e3o, impressa em folhas creme, preparamos um acabamento esmerado, digno do l\u00edder congregacional. Observe abaixo esta contra-capa, assim como a p\u00e1gina inicial. Veja que a cada cap\u00edtulo temos a capitula\u00e7\u00e3o com um alfabeto g\u00f3tico (antigo) dando um ar de sofistica\u00e7\u00e3o, digno da Palavra!<\/span><\/p><p style=\"text-align: left;\" align=\"justify\"><span style=\"font-family: Verdana; font-size: 12pt;\">A ESN ESTA DIVIDIDA PELO CONTEXTO E SEUS LIVROS SEGUEM A ORDEM CRONOL\u00d3GICA &#8211; HEBRAICA! COM NOTAS DE RODAP\u00c9 PARA QUE O ROSH POSSA SE APROFUNDAR NAS DOUTRINAS DA KEHILAH DE YAOHUSHUA, ELIMINANDO ASSIM TODO O PAGANISMO QUE IMPERA NO MEIO YAOSHORUL&#8217;ITA.<\/span><\/p><p align=\"justify\"><span style=\"font-size: 12pt;\"><a href=\"https:\/\/overboyaohushua.com\/index.php\/model-4\/\" target=\"_blank\" rel=\"noopener\"><em>EST\u00c1 NA D\u00daVIDA? CLIC AQUI e Compare a ESN com as fraudes dispon\u00edveis na Internet<\/em><\/a><\/span><\/p><p align=\"left\">\u00a0<\/p>","protected":false},"excerpt":{"rendered":"<p>\u00a0LETRA EXTRA GRANDE\u00a0R$ 245,00DIMENS\u00d5ES: A4\u00a0[0.21 X 0.29 ~ 720 p\u00e1ginas na cor creme; impress\u00e3o digital, papel offset 70grs].ENCADERNA\u00c7\u00c3O:\u00a0Capa Dura, Ilustra\u00e7\u00e3o digital color, plastificada com aceto semi transparente\u00ab Imagens sem defini\u00e7\u00e3o de tamanho (Apenas para Indicar a Cor da Ilustra\u00e7\u00e3o da Capa)LUXO &#8211; As\u00a0Escrituras Sagradas segundo o Nome\u00a0[ESN &#8211; EUC by CYC; Edi\u00e7\u00e3o Unitariana Corrigida], totalmente [&hellip;]<\/p>\n","protected":false},"featured_media":2859,"comment_status":"closed","ping_status":"closed","template":"","meta":{"yasr_overall_rating":0,"yasr_post_is_review":"yes","yasr_auto_insert_disabled":"yes","yasr_review_type":""},"class_list":{"0":"post-395","1":"product","2":"type-product","3":"status-publish","4":"has-post-thumbnail","6":"product_cat-esns","7":"product_tag-esn-011","9":"first","10":"outofstock","11":"featured","12":"taxable","13":"shipping-taxable","14":"purchasable","15":"product-type-simple"},"yasr_visitor_votes":{"stars_attributes":{"read_only":false,"span_bottom":false},"number_of_votes":0,"sum_votes":0},"_links":{"self":[{"href":"https:\/\/overboyaohushua.com\/index.php\/wp-json\/wp\/v2\/product\/395","targetHints":{"allow":["GET"]}}],"collection":[{"href":"https:\/\/overboyaohushua.com\/index.php\/wp-json\/wp\/v2\/product"}],"about":[{"href":"https:\/\/overboyaohushua.com\/index.php\/wp-json\/wp\/v2\/types\/product"}],"replies":[{"embeddable":true,"href":"https:\/\/overboyaohushua.com\/index.php\/wp-json\/wp\/v2\/comments?post=395"}],"wp:featuredmedia":[{"embeddable":true,"href":"https:\/\/overboyaohushua.com\/index.php\/wp-json\/wp\/v2\/media\/2859"}],"wp:attachment":[{"href":"https:\/\/overboyaohushua.com\/index.php\/wp-json\/wp\/v2\/media?parent=395"}],"curies":[{"name":"wp","href":"https:\/\/api.w.org\/{rel}","templated":true}]}}