{"id":397,"date":"2019-02-25T16:27:58","date_gmt":"2019-02-25T14:27:58","guid":{"rendered":"http:\/\/wp.cyocaminho.com\/?post_type=product&#038;p=397"},"modified":"2024-08-28T17:13:18","modified_gmt":"2024-08-28T14:13:18","slug":"esn-letra-gigante-ling-padrao","status":"publish","type":"product","link":"https:\/\/overboyaohushua.com\/index.php\/produto\/esn-letra-gigante-ling-padrao\/","title":{"rendered":"ESN &#8211; Letra Gigante Ling. Padr\u00e3o"},"content":{"rendered":"<p style=\"text-align: left;\" align=\"right\">\u00a0<\/p><p style=\"text-align: left;\" align=\"right\"><span style=\"font-family: Verdana; color: #808080;\"><b><img loading=\"lazy\" decoding=\"async\" class=\"alignleft wp-image-2867 size-medium\" src=\"https:\/\/overboyaohushua.com\/wp-content\/uploads\/2019\/02\/ESNgig01-247x300.png\" alt=\"\" width=\"247\" height=\"300\" srcset=\"https:\/\/overboyaohushua.com\/wp-content\/uploads\/2019\/02\/ESNgig01-247x300.png 247w, https:\/\/overboyaohushua.com\/wp-content\/uploads\/2019\/02\/ESNgig01-300x364.png 300w, https:\/\/overboyaohushua.com\/wp-content\/uploads\/2019\/02\/ESNgig01.png 560w\" sizes=\"auto, (max-width: 247px) 100vw, 247px\" \/><\/b><\/span><\/p><p style=\"text-align: left;\" align=\"right\"><span style=\"font-family: verdana, geneva, sans-serif; font-size: 12pt;\"><strong>LETRA GIGANTE<\/strong><\/span><\/p><p style=\"text-align: left;\" align=\"right\"><span style=\"font-size: 18pt;\"><strong>R$ 245,00<\/strong><\/span><\/p><p style=\"text-align: left;\" align=\"right\"><span style=\"font-size: 12pt;\"><span style=\"font-family: Verdana; color: #808080;\"><b>DIMENS\u00d5ES: A4<\/b>\u00a0[0.21 X 0.29 <\/span><span style=\"font-family: Verdana;\">~<\/span><span style=\"font-family: Verdana; color: #808080;\"> 820 p\u00e1ginas brancas; impress\u00e3o digital, papel offset 63grs]<\/span><\/span><\/p><p style=\"text-align: left;\" align=\"right\"><span style=\"font-family: Verdana; color: #808080; font-size: 12pt;\"><b>ENCADERNA\u00c7\u00c3O:<\/b>\u00a0Capa Dura, Ilustra\u00e7\u00e3o Digital Color; Plastificada com acetato semi brilho.<\/span><\/p><p style=\"text-align: left;\" align=\"right\"><span style=\"color: #ff0000;\">\u00ab Imagem sem as reais dimens\u00f5es (Apenas para mostrar a figura da ilustra\u00e7\u00e3o\u00a0 da Capa)<\/span><\/p><p style=\"text-align: left;\" align=\"justify\"><span style=\"font-size: 12pt;\"><b><span style=\"font-family: Verdana;\">GIGANTE: As<\/span><\/b><span style=\"font-family: Verdana;\">\u00a0<b>Escrituras Sagradas segundo o Nome<\/b>\u00a0[ESN &#8211; EUC by CYC; Edi\u00e7\u00e3o Unitariana Corrigida], totalmente sob a \u00f3tica de Jo 1:3 onde TUDO foi criado por Yaohu&#8217;shua, est\u00e1 dispon\u00edvel em Tamanho especialmente preparada para quem dificuldades visuais, devido ao tamanho de sua letra [Ariel 12]<b>.<\/b>\u00a0Este foi o maior tamanho das letras poss\u00edveis, pois o volume ficou no seu limite de espessura, com o aumento de mais de 120 p\u00e1ginas<\/span><\/span><\/p><p style=\"text-align: left;\" align=\"justify\"><span style=\"font-family: Verdana; font-size: 12pt;\">ESTA EDI\u00c7\u00c3O ESTA DIVIDIDA PELO CONTEXTO E SEUS LIVROS SEGUEM A ORDEM CRONOL\u00d3GICA &#8211; HEBRAICA! COM NOTAS DE RODAP\u00c9 PARA QUEM GOSTA DE SE APROFUNDAR NAS DOUTRINAS<\/span><\/p><p align=\"justify\"><a href=\"https:\/\/overboyaohushua.com\/index.php\/model-4\/\" target=\"_blank\" rel=\"noopener\"><span style=\"font-size: 12pt;\"><em>EST\u00c1 NA D\u00daVIDA? CLIC AQUI e Compare a ESN com as fraudes dispon\u00edveis na Internet<\/em><\/span><\/a><\/p><p style=\"text-align: left;\" align=\"right\"><span style=\"font-family: Verdana;\"><b>\u00a0<\/b><\/span><\/p><p align=\"left\">\u00a0<\/p>","protected":false},"excerpt":{"rendered":"<p>\u00a0LETRA GIGANTER$ 245,00DIMENS\u00d5ES: A4\u00a0[0.21 X 0.29 ~ 820 p\u00e1ginas brancas; impress\u00e3o digital, papel offset 63grs]ENCADERNA\u00c7\u00c3O:\u00a0Capa Dura, Ilustra\u00e7\u00e3o Digital Color; Plastificada com acetato semi brilho.\u00ab Imagem sem as reais dimens\u00f5es (Apenas para mostrar a figura da ilustra\u00e7\u00e3o\u00a0 da Capa)GIGANTE: As\u00a0Escrituras Sagradas segundo o Nome\u00a0[ESN &#8211; EUC by CYC; Edi\u00e7\u00e3o Unitariana Corrigida], totalmente sob a \u00f3tica de [&hellip;]<\/p>\n","protected":false},"featured_media":2867,"comment_status":"closed","ping_status":"closed","template":"","meta":{"yasr_overall_rating":0,"yasr_post_is_review":"yes","yasr_auto_insert_disabled":"yes","yasr_review_type":""},"class_list":{"0":"post-397","1":"product","2":"type-product","3":"status-publish","4":"has-post-thumbnail","6":"product_cat-esns","7":"product_tag-esn-014","9":"first","10":"outofstock","11":"featured","12":"taxable","13":"shipping-taxable","14":"purchasable","15":"product-type-simple"},"yasr_visitor_votes":{"stars_attributes":{"read_only":false,"span_bottom":false},"number_of_votes":0,"sum_votes":0},"_links":{"self":[{"href":"https:\/\/overboyaohushua.com\/index.php\/wp-json\/wp\/v2\/product\/397","targetHints":{"allow":["GET"]}}],"collection":[{"href":"https:\/\/overboyaohushua.com\/index.php\/wp-json\/wp\/v2\/product"}],"about":[{"href":"https:\/\/overboyaohushua.com\/index.php\/wp-json\/wp\/v2\/types\/product"}],"replies":[{"embeddable":true,"href":"https:\/\/overboyaohushua.com\/index.php\/wp-json\/wp\/v2\/comments?post=397"}],"wp:featuredmedia":[{"embeddable":true,"href":"https:\/\/overboyaohushua.com\/index.php\/wp-json\/wp\/v2\/media\/2867"}],"wp:attachment":[{"href":"https:\/\/overboyaohushua.com\/index.php\/wp-json\/wp\/v2\/media?parent=397"}],"curies":[{"name":"wp","href":"https:\/\/api.w.org\/{rel}","templated":true}]}}